{"id":14,"date":"2023-09-01T10:56:06","date_gmt":"2023-09-01T08:56:06","guid":{"rendered":"https:\/\/formationbenevolesma.openscop.work\/paca\/?page_id=14"},"modified":"2024-09-02T09:46:41","modified_gmt":"2024-09-02T07:46:41","slug":"annuaire-des-organisateurs","status":"publish","type":"page","link":"https:\/\/formations-benevoles.org\/reunion\/annuaire-des-organisateurs\/","title":{"rendered":"Annuaire des organisateurs"},"content":{"rendered":"[vc_row type=&#8221;full_width_content&#8221; full_screen_row_position=&#8221;middle&#8221; column_margin=&#8221;default&#8221; column_direction=&#8221;default&#8221; column_direction_tablet=&#8221;default&#8221; column_direction_phone=&#8221;default&#8221; scene_position=&#8221;center&#8221; text_color=&#8221;dark&#8221; text_align=&#8221;left&#8221; row_border_radius=&#8221;none&#8221; row_border_radius_applies=&#8221;bg&#8221; overflow=&#8221;visible&#8221; overlay_strength=&#8221;0.3&#8243; gradient_direction=&#8221;left_to_right&#8221; shape_divider_position=&#8221;bottom&#8221; bg_image_animation=&#8221;none&#8221; gradient_type=&#8221;default&#8221; shape_type=&#8221;&#8221;][vc_column column_padding=&#8221;no-extra-padding&#8221; column_padding_tablet=&#8221;inherit&#8221; column_padding_phone=&#8221;inherit&#8221; column_padding_position=&#8221;all&#8221; column_element_direction_desktop=&#8221;default&#8221; column_element_spacing=&#8221;default&#8221; desktop_text_alignment=&#8221;default&#8221; tablet_text_alignment=&#8221;default&#8221; phone_text_alignment=&#8221;default&#8221; background_color_opacity=&#8221;1&#8243; background_hover_color_opacity=&#8221;1&#8243; column_backdrop_filter=&#8221;none&#8221; column_shadow=&#8221;none&#8221; column_border_radius=&#8221;none&#8221; column_link_target=&#8221;_self&#8221; column_position=&#8221;default&#8221; gradient_direction=&#8221;left_to_right&#8221; overlay_strength=&#8221;0.3&#8243; width=&#8221;1\/1&#8243; tablet_width_inherit=&#8221;default&#8221; animation_type=&#8221;default&#8221; bg_image_animation=&#8221;none&#8221; border_type=&#8221;simple&#8221; column_border_width=&#8221;none&#8221; column_border_style=&#8221;solid&#8221;][vc_column_text text_direction=&#8221;default&#8221;]<script type=\"text\/javascript\">\njQuery(document).ready(function()\n{\n    jQuery(\"#mec_advanced_organizer_skin_373\").mecAdvancedOrganizerGridView(\n    {\n        id: \"373\",\n\t\toffset: \"5\",\n        style: \"grid\",\n\t\tlimit: \"12\",\n        atts: \"atts%5Bid%5D=373&atts%5Blimit_events%5D=12&atts%5Blimit%5D=12&atts%5Bonly_ongoing_events%5D=0&atts%5Bload_more%5D=1&atts%5Bevents_style%5D=grid&atts%5Bdisplay_style%5D=grid&atts%5Bcols%5D=4&atts%5Bshow_event_list%5D=1&atts%5Bhtml_option%5D=&atts%5Bshow_only_past_events%5D=0&atts%5Bfilter%5D=0&atts%5Bsearch%5D=0&atts%5Brandom%5D=0&atts%5Border%5D=ASC&atts%5Border_by%5D=name&atts%5Bstart_date%5D=&atts%5Bend_date%5D=&atts%5Bmaximum_date%5D=&atts%5Bcount%5D=4\",\n        ajax_url: \"https:\/\/formations-benevoles.org\/reunion\/wp-admin\/admin-ajax.php\",\n        section: \"organizer\"\n    });\n});\n<\/script><div class=\"mec-advanced-organizer\">\n<div class=\"mec-featured-wrap mec-wrap mec-skin-grid-container \" id=\"mec_advanced_organizer_skin_373\">\n\n    \n    <div class=\"mec-skin-grid-events-container\" id=\"mec_advanced_organizer_skin_events_373\">\n        <div class=\"mec-wrap \">\n    <div class=\"mec-event-organizer-grid\">\n        <div class=\"row\"><div class=\"col-md-3 col-sm-3\">        <article data-style=\"\" class=\" mec-event-article mec-clear featured-article\" itemscope=\"\">\n            <div class=\"mec-event-image mec-featured-image\"><a href=\"https:\/\/formations-benevoles.org\/reunion\/organisateur-page-detail\/?fesection=organizer&feparam=70\" target=\"_blank\" target=\"_blank\"><img decoding=\"async\" width=\"300\" height=\"300\" src=\"https:\/\/formations-benevoles.org\/reunion\/wp-content\/uploads\/sites\/8\/2025\/06\/MA-de-La-Reunion-logo-web.webp\" class=\"attachment-medium size-medium wp-post-image\" alt=\"\" loading=\"lazy\" data-mec-postid=\"47\" srcset=\"https:\/\/formations-benevoles.org\/reunion\/wp-content\/uploads\/sites\/8\/2025\/06\/MA-de-La-Reunion-logo-web.webp 300w, https:\/\/formations-benevoles.org\/reunion\/wp-content\/uploads\/sites\/8\/2025\/06\/MA-de-La-Reunion-logo-web.webp 150w\" sizes=\"auto, (max-width: 300px) 100vw, 300px\"><\/a><\/div>            <div class=\"mec-featured-info-box\">\n                                <h2 class=\"mec-event-title mec-featured-title\"><a class=\"mec-color-hover\" data-taxonomy-id=\"47\" href=\"https:\/\/formations-benevoles.org\/reunion\/organisateur-page-detail\/?fesection=organizer&feparam=70\" target=\"_blank\">Le Mouvement associatif de la R\u00e9union<\/a><\/h2>\n                                <p class=\"mec-featured-info\">\n                                                                                    <span class=\"mec-featured-info-box-title\">\n                            <i class=\"mec-sl-envelope mec-featured-color\"><\/i>\n                            <a class=\"mec-featured-link\" href=\"mailto: lareunion@lemouvementassociatif.org\"><em>lareunion@lemouvementassociatif.org<\/em><\/a>\n                        <\/span>\n                                                                <span class=\"mec-featured-info-box-title\">\n                            <i class=\"mec-sl-globe-alt mec-featured-color\"><\/i>\n                            <a class=\"mec-featured-link\" href=\"https:\/\/lemouvementassociatif-lareunion.org\/\"><em>https:\/\/lemouvementassociatif-lareunion.org\/<\/em><\/a>\n                        <\/span>\n                                    <\/p>\n            <\/div>\n            <div class=\"mec-featured-bottom\">\n                <div class=\"mec-feature-view-details-left\">\n                    <a class=\"mec-events-gcal mec-events-button mec-color mec-bg-color-hover mec-border-color mec-featured-none-decoration featured-event-button\" href=\"https:\/\/formations-benevoles.org\/reunion\/organisateur-page-detail\/?fesection=organizer&feparam=70\" target=\"_blank\">\n                        d\u00e9tails                    <\/a>\n                <\/div>\n                <div class=\"mec-feature-view-details-right\"><\/div>\n            <\/div>\n            <div class=\"mec-description-box\">\n                <div class=\"mec-organizer-detail-1\">\n                    <span>En cours :<\/span>\n                    <span>0<\/span>\n                <\/div>\n                <div class=\"mec-organizer-detail-2\">\n                    <span>Toutes les formations :<\/span>\n                    <span>0<\/span>\n                <\/div>\n            <\/div>\n        <\/article>\n        <\/div><div class=\"col-md-3 col-sm-3\">        <article data-style=\"\" class=\" mec-event-article mec-clear featured-article\" itemscope=\"\">\n            <div class=\"mec-event-image mec-featured-image\"><a href=\"https:\/\/formations-benevoles.org\/reunion\/organisateur-page-detail\/?fesection=organizer&feparam=145\" target=\"_blank\" target=\"_blank\"><img decoding=\"async\" width=\"300\" height=\"300\" src=\"https:\/\/formations-benevoles.org\/reunion\/wp-content\/uploads\/sites\/8\/2025\/02\/Ligue-de-lenseignement-Reunion.webp\" class=\"attachment-medium size-medium wp-post-image\" alt=\"\" loading=\"lazy\" data-mec-postid=\"47\" srcset=\"https:\/\/formations-benevoles.org\/reunion\/wp-content\/uploads\/sites\/8\/2025\/02\/Ligue-de-lenseignement-Reunion.webp 300w, https:\/\/formations-benevoles.org\/reunion\/wp-content\/uploads\/sites\/8\/2025\/02\/Ligue-de-lenseignement-Reunion.webp 150w\" sizes=\"auto, (max-width: 300px) 100vw, 300px\"><\/a><\/div>            <div class=\"mec-featured-info-box\">\n                                <h2 class=\"mec-event-title mec-featured-title\"><a class=\"mec-color-hover\" data-taxonomy-id=\"47\" href=\"https:\/\/formations-benevoles.org\/reunion\/organisateur-page-detail\/?fesection=organizer&feparam=145\" target=\"_blank\">Ligue de l'enseignement - F\u00e9d\u00e9ration de La R\u00e9union<\/a><\/h2>\n                                <p class=\"mec-featured-info\">\n                                                                                    <span class=\"mec-featured-info-box-title\">\n                            <i class=\"mec-sl-envelope mec-featured-color\"><\/i>\n                            <a class=\"mec-featured-link\" href=\"mailto: contact@laligue974.re\"><em>contact@laligue974.re<\/em><\/a>\n                        <\/span>\n                                                                <span class=\"mec-featured-info-box-title\">\n                            <i class=\"mec-sl-globe-alt mec-featured-color\"><\/i>\n                            <a class=\"mec-featured-link\" href=\"https:\/\/laligue974.re\/\"><em>https:\/\/laligue974.re\/<\/em><\/a>\n                        <\/span>\n                                    <\/p>\n            <\/div>\n            <div class=\"mec-featured-bottom\">\n                <div class=\"mec-feature-view-details-left\">\n                    <a class=\"mec-events-gcal mec-events-button mec-color mec-bg-color-hover mec-border-color mec-featured-none-decoration featured-event-button\" href=\"https:\/\/formations-benevoles.org\/reunion\/organisateur-page-detail\/?fesection=organizer&feparam=145\" target=\"_blank\">\n                        d\u00e9tails                    <\/a>\n                <\/div>\n                <div class=\"mec-feature-view-details-right\"><\/div>\n            <\/div>\n            <div class=\"mec-description-box\">\n                <div class=\"mec-organizer-detail-1\">\n                    <span>En cours :<\/span>\n                    <span>0<\/span>\n                <\/div>\n                <div class=\"mec-organizer-detail-2\">\n                    <span>Toutes les formations :<\/span>\n                    <span>3<\/span>\n                <\/div>\n            <\/div>\n        <\/article>\n        <\/div><div class=\"col-md-3 col-sm-3\">        <article data-style=\"\" class=\" mec-event-article mec-clear featured-article\" itemscope=\"\">\n            <div class=\"mec-event-image mec-featured-image\"><a href=\"https:\/\/formations-benevoles.org\/reunion\/organisateur-page-detail\/?fesection=organizer&feparam=152\" target=\"_blank\" target=\"_blank\"><img decoding=\"async\" width=\"300\" height=\"300\" src=\"https:\/\/formations-benevoles.org\/reunion\/wp-content\/uploads\/sites\/8\/2025\/10\/logo-mda.webp\" class=\"attachment-medium size-medium wp-post-image\" alt=\"\" loading=\"lazy\" data-mec-postid=\"47\" srcset=\"https:\/\/formations-benevoles.org\/reunion\/wp-content\/uploads\/sites\/8\/2025\/10\/logo-mda.webp 300w, https:\/\/formations-benevoles.org\/reunion\/wp-content\/uploads\/sites\/8\/2025\/10\/logo-mda.webp 150w\" sizes=\"auto, (max-width: 300px) 100vw, 300px\"><\/a><\/div>            <div class=\"mec-featured-info-box\">\n                                <h2 class=\"mec-event-title mec-featured-title\"><a class=\"mec-color-hover\" data-taxonomy-id=\"47\" href=\"https:\/\/formations-benevoles.org\/reunion\/organisateur-page-detail\/?fesection=organizer&feparam=152\" target=\"_blank\">Maison des Associations de Saint-Beno\u00eet<\/a><\/h2>\n                                <p class=\"mec-featured-info\">\n                                                            <span class=\"mec-featured-info-box-title\">\n                        <i class=\"mec-sl-phone mec-featured-color\"><\/i>\n                        <em>0262413404<\/em>\n                    <\/span>\n                                                                <span class=\"mec-featured-info-box-title\">\n                            <i class=\"mec-sl-envelope mec-featured-color\"><\/i>\n                            <a class=\"mec-featured-link\" href=\"mailto: mda-saintbenoit@orange.fr\"><em>mda-saintbenoit@orange.fr<\/em><\/a>\n                        <\/span>\n                                                                <span class=\"mec-featured-info-box-title\">\n                            <i class=\"mec-sl-globe-alt mec-featured-color\"><\/i>\n                            <a class=\"mec-featured-link\" href=\"https:\/\/mda-saintbenoit.re\/\"><em>https:\/\/mda-saintbenoit.re\/<\/em><\/a>\n                        <\/span>\n                                    <\/p>\n            <\/div>\n            <div class=\"mec-featured-bottom\">\n                <div class=\"mec-feature-view-details-left\">\n                    <a class=\"mec-events-gcal mec-events-button mec-color mec-bg-color-hover mec-border-color mec-featured-none-decoration featured-event-button\" href=\"https:\/\/formations-benevoles.org\/reunion\/organisateur-page-detail\/?fesection=organizer&feparam=152\" target=\"_blank\">\n                        d\u00e9tails                    <\/a>\n                <\/div>\n                <div class=\"mec-feature-view-details-right\"><\/div>\n            <\/div>\n            <div class=\"mec-description-box\">\n                <div class=\"mec-organizer-detail-1\">\n                    <span>En cours :<\/span>\n                    <span>0<\/span>\n                <\/div>\n                <div class=\"mec-organizer-detail-2\">\n                    <span>Toutes les formations :<\/span>\n                    <span>3<\/span>\n                <\/div>\n            <\/div>\n        <\/article>\n        <\/div><div class=\"col-md-3 col-sm-3\">        <article data-style=\"\" class=\" mec-event-article mec-clear featured-article\" itemscope=\"\">\n            <div class=\"mec-event-image mec-featured-image\"><a href=\"https:\/\/formations-benevoles.org\/reunion\/organisateur-page-detail\/?fesection=organizer&feparam=143\" target=\"_blank\" target=\"_blank\"><img decoding=\"async\" width=\"300\" height=\"300\" src=\"https:\/\/formations-benevoles.org\/reunion\/wp-content\/uploads\/sites\/8\/2025\/02\/OMSEP.webp\" class=\"attachment-medium size-medium wp-post-image\" alt=\"\" loading=\"lazy\" data-mec-postid=\"47\" srcset=\"https:\/\/formations-benevoles.org\/reunion\/wp-content\/uploads\/sites\/8\/2025\/02\/OMSEP.webp 300w, https:\/\/formations-benevoles.org\/reunion\/wp-content\/uploads\/sites\/8\/2025\/02\/OMSEP.webp 150w\" sizes=\"auto, (max-width: 300px) 100vw, 300px\"><\/a><\/div>            <div class=\"mec-featured-info-box\">\n                                <h2 class=\"mec-event-title mec-featured-title\"><a class=\"mec-color-hover\" data-taxonomy-id=\"47\" href=\"https:\/\/formations-benevoles.org\/reunion\/organisateur-page-detail\/?fesection=organizer&feparam=143\" target=\"_blank\">OMSEP<\/a><\/h2>\n                                <p class=\"mec-featured-info\">\n                                                            <span class=\"mec-featured-info-box-title\">\n                        <i class=\"mec-sl-phone mec-featured-color\"><\/i>\n                        <em>0262 45 91 96<\/em>\n                    <\/span>\n                                                                <span class=\"mec-featured-info-box-title\">\n                            <i class=\"mec-sl-envelope mec-featured-color\"><\/i>\n                            <a class=\"mec-featured-link\" href=\"mailto: contact@oms-saintpaul.re\"><em>contact@oms-saintpaul.re<\/em><\/a>\n                        <\/span>\n                                                                <span class=\"mec-featured-info-box-title\">\n                            <i class=\"mec-sl-globe-alt mec-featured-color\"><\/i>\n                            <a class=\"mec-featured-link\" href=\"https:\/\/oms-saintpaul.re\/\"><em>https:\/\/oms-saintpaul.re\/<\/em><\/a>\n                        <\/span>\n                                    <\/p>\n            <\/div>\n            <div class=\"mec-featured-bottom\">\n                <div class=\"mec-feature-view-details-left\">\n                    <a class=\"mec-events-gcal mec-events-button mec-color mec-bg-color-hover mec-border-color mec-featured-none-decoration featured-event-button\" href=\"https:\/\/formations-benevoles.org\/reunion\/organisateur-page-detail\/?fesection=organizer&feparam=143\" target=\"_blank\">\n                        d\u00e9tails                    <\/a>\n                <\/div>\n                <div class=\"mec-feature-view-details-right\"><\/div>\n            <\/div>\n            <div class=\"mec-description-box\">\n                <div class=\"mec-organizer-detail-1\">\n                    <span>En cours :<\/span>\n                    <span>0<\/span>\n                <\/div>\n                <div class=\"mec-organizer-detail-2\">\n                    <span>Toutes les formations :<\/span>\n                    <span>1<\/span>\n                <\/div>\n            <\/div>\n        <\/article>\n        <\/div><\/div><div class=\"row\"><div class=\"col-md-3 col-sm-3\">        <article data-style=\"\" class=\" mec-event-article mec-clear featured-article\" itemscope=\"\">\n            <div class=\"mec-event-image mec-featured-image\"><a href=\"https:\/\/formations-benevoles.org\/reunion\/organisateur-page-detail\/?fesection=organizer&feparam=151\" target=\"_blank\" target=\"_blank\"><img decoding=\"async\" width=\"300\" height=\"300\" src=\"https:\/\/formations-benevoles.org\/reunion\/wp-content\/uploads\/sites\/8\/2025\/10\/LOGO-RMZ_250px_RVB_JPG.jpg\" class=\"attachment-medium size-medium wp-post-image\" alt=\"\" loading=\"lazy\" data-mec-postid=\"47\" srcset=\"https:\/\/formations-benevoles.org\/reunion\/wp-content\/uploads\/sites\/8\/2025\/10\/LOGO-RMZ_250px_RVB_JPG.jpg 300w, https:\/\/formations-benevoles.org\/reunion\/wp-content\/uploads\/sites\/8\/2025\/10\/LOGO-RMZ_250px_RVB_JPG.jpg 150w\" sizes=\"auto, (max-width: 300px) 100vw, 300px\"><\/a><\/div>            <div class=\"mec-featured-info-box\">\n                                <h2 class=\"mec-event-title mec-featured-title\"><a class=\"mec-color-hover\" data-taxonomy-id=\"47\" href=\"https:\/\/formations-benevoles.org\/reunion\/organisateur-page-detail\/?fesection=organizer&feparam=151\" target=\"_blank\">Roul\u00e9 mon z'avirons<\/a><\/h2>\n                                <p class=\"mec-featured-info\">\n                                                            <span class=\"mec-featured-info-box-title\">\n                        <i class=\"mec-sl-phone mec-featured-color\"><\/i>\n                        <em>0262454938<\/em>\n                    <\/span>\n                                                                <span class=\"mec-featured-info-box-title\">\n                            <i class=\"mec-sl-envelope mec-featured-color\"><\/i>\n                            <a class=\"mec-featured-link\" href=\"mailto: vieasso@rmz.re\"><em>vieasso@rmz.re<\/em><\/a>\n                        <\/span>\n                                                                <span class=\"mec-featured-info-box-title\">\n                            <i class=\"mec-sl-globe-alt mec-featured-color\"><\/i>\n                            <a class=\"mec-featured-link\" href=\"https:\/\/rmz.re\/\"><em>https:\/\/rmz.re\/<\/em><\/a>\n                        <\/span>\n                                    <\/p>\n            <\/div>\n            <div class=\"mec-featured-bottom\">\n                <div class=\"mec-feature-view-details-left\">\n                    <a class=\"mec-events-gcal mec-events-button mec-color mec-bg-color-hover mec-border-color mec-featured-none-decoration featured-event-button\" href=\"https:\/\/formations-benevoles.org\/reunion\/organisateur-page-detail\/?fesection=organizer&feparam=151\" target=\"_blank\">\n                        d\u00e9tails                    <\/a>\n                <\/div>\n                <div class=\"mec-feature-view-details-right\"><\/div>\n            <\/div>\n            <div class=\"mec-description-box\">\n                <div class=\"mec-organizer-detail-1\">\n                    <span>En cours :<\/span>\n                    <span>0<\/span>\n                <\/div>\n                <div class=\"mec-organizer-detail-2\">\n                    <span>Toutes les formations :<\/span>\n                    <span>1<\/span>\n                <\/div>\n            <\/div>\n        <\/article>\n        <\/div><\/div>\t<\/div>\n<\/div>\n    <\/div>\n    <div class=\"mec-skin-grid-no-events-container mec-util-hidden\" id=\"mec_featured_skin_no_events_373\">\n        Aucun \u00e9l\u00e9ment trouv\u00e9 !    <\/div>\n    \n    \n<\/div>\n<\/div>[\/vc_column_text][\/vc_column][\/vc_row]\n","protected":false},"excerpt":{"rendered":"<p>[vc_row type=&#8221;full_width_content&#8221; full_screen_row_position=&#8221;middle&#8221; column_margin=&#8221;default&#8221; column_direction=&#8221;default&#8221; column_direction_tablet=&#8221;default&#8221; column_direction_phone=&#8221;default&#8221; scene_position=&#8221;center&#8221; text_color=&#8221;dark&#8221; text_align=&#8221;left&#8221; row_border_radius=&#8221;none&#8221; row_border_radius_applies=&#8221;bg&#8221; overflow=&#8221;visible&#8221; overlay_strength=&#8221;0.3&#8243; gradient_direction=&#8221;left_to_right&#8221; shape_divider_position=&#8221;bottom&#8221; bg_image_animation=&#8221;none&#8221; gradient_type=&#8221;default&#8221; shape_type=&#8221;&#8221;][vc_column column_padding=&#8221;no-extra-padding&#8221; column_padding_tablet=&#8221;inherit&#8221; column_padding_phone=&#8221;inherit&#8221; column_padding_position=&#8221;all&#8221; column_element_direction_desktop=&#8221;default&#8221; column_element_spacing=&#8221;default&#8221; desktop_text_alignment=&#8221;default&#8221; tablet_text_alignment=&#8221;default&#8221; phone_text_alignment=&#8221;default&#8221; background_color_opacity=&#8221;1&#8243; background_hover_color_opacity=&#8221;1&#8243;&#8230;<\/p>\n","protected":false},"author":1,"featured_media":0,"parent":0,"menu_order":0,"comment_status":"closed","ping_status":"closed","template":"","meta":{"footnotes":""},"class_list":["post-14","page","type-page","status-publish"],"_links":{"self":[{"href":"https:\/\/formations-benevoles.org\/reunion\/wp-json\/wp\/v2\/pages\/14","targetHints":{"allow":["GET"]}}],"collection":[{"href":"https:\/\/formations-benevoles.org\/reunion\/wp-json\/wp\/v2\/pages"}],"about":[{"href":"https:\/\/formations-benevoles.org\/reunion\/wp-json\/wp\/v2\/types\/page"}],"author":[{"embeddable":true,"href":"https:\/\/formations-benevoles.org\/reunion\/wp-json\/wp\/v2\/users\/1"}],"replies":[{"embeddable":true,"href":"https:\/\/formations-benevoles.org\/reunion\/wp-json\/wp\/v2\/comments?post=14"}],"version-history":[{"count":3,"href":"https:\/\/formations-benevoles.org\/reunion\/wp-json\/wp\/v2\/pages\/14\/revisions"}],"predecessor-version":[{"id":6531,"href":"https:\/\/formations-benevoles.org\/reunion\/wp-json\/wp\/v2\/pages\/14\/revisions\/6531"}],"wp:attachment":[{"href":"https:\/\/formations-benevoles.org\/reunion\/wp-json\/wp\/v2\/media?parent=14"}],"curies":[{"name":"wp","href":"https:\/\/api.w.org\/{rel}","templated":true}]}}