{"id":7077,"date":"2024-08-23T17:11:46","date_gmt":"2024-08-23T15:11:46","guid":{"rendered":"https:\/\/formations-benevoles.org\/provence-alpes-cote-dazur\/?post_type=mec-events&#038;p=7077"},"modified":"2024-09-18T12:10:55","modified_gmt":"2024-09-18T10:10:55","slug":"gestion-et-gouvernance-associative-3-jours-session-n-1-307-735-701-850-779-503","status":"publish","type":"mec-events","link":"https:\/\/formations-benevoles.org\/provence-alpes-cote-dazur\/formations\/gestion-et-gouvernance-associative-3-jours-session-n-1-307-735-701-850-779-503\/","title":{"rendered":"Comptabilit\u00e9 approfondie"},"content":{"rendered":"<p><strong>La formation Comptabilit\u00e9 approfondie<\/strong> est un module compl\u00e9mentaire au programme de formations gratuites propos\u00e9 par le D\u00e9partement des Bouches-du-Rh\u00f4ne, retrouvez toutes les informations : cliquez <a href=\"https:\/\/www.departement13.fr\/nos-services\/vous-etes-une-association\/se-former\/\" target=\"_blank\" rel=\"noopener\">ici<\/a><\/p>\n<h5>Objectif p\u00e9dagogiques:<\/h5>\n<ul>\n<li>Perfectionnement<\/li>\n<\/ul>\n<p>&#8211; Renforcer ses connaissances du fonctionnement budg\u00e9taire et comptable d\u2019une association<br \/>\n&#8211; S\u2019exercer \u00e0 la tenue d\u2019une comptabilit\u00e9 adapt\u00e9e \u00e0 son association<br \/>\n&#8211; S\u2019entra\u00eener \u00e0 la pr\u00e9paration et l\u2019\u00e9criture de son budget pr\u00e9visionnel<br \/>\n&#8211; Se pr\u00e9parer \u00e0 la cl\u00f4ture de son exercice budg\u00e9taire<\/p>\n<p>\ud83d\udc49\u00a0retrouvez le programme complet des journ\u00e9es compl\u00e9mentaires jours : cliquez\u00a0<a href=\"https:\/\/formations-benevoles.org\/provence-alpes-cote-dazur\/wp-content\/uploads\/sites\/2\/2024\/08\/PROGRAMME_DES_JOURNEES_COMPLEMENTAIRES.pdf\" target=\"_blank\" rel=\"noopener\">ici<\/a><\/p>\n<h5>Format de la formation :<\/h5>\n<ul>\n<li>Pr\u00e9sentiel<\/li>\n<\/ul>\n<h5>Public cible \/ conditions d&#8217;acc\u00e8s :<\/h5>\n<p>Cette formation s\u2019adresse aux dirigeants b\u00e9n\u00e9voles (pr\u00e9sident, tr\u00e9sorier, secr\u00e9taire ou leur repr\u00e9sentant\u2026) des petites associations c\u2019est-\u00e0-dire compos\u00e9e uniquement de b\u00e9n\u00e9voles ou de 1 ou 2 salari\u00e9(s).<\/p>\n<p>Le Conseil d\u00e9partemental prend \u00e0 sa charge le co\u00fbt de la formation. Elle est donc gratuite pour les associations.<\/p>\n<h5>Comment s&#8217;inscrire :<\/h5>\n<p>T\u00e9l\u00e9chargez le bulletin de pr\u00e9inscription\u00a0<a href=\"https:\/\/formations-benevoles.org\/provence-alpes-cote-dazur\/wp-content\/uploads\/sites\/2\/2024\/08\/FB_bulletin_pre-inscription.doc\" target=\"_blank\" rel=\"noopener\">ici<\/a><\/p>\n<p>Puis envoyez-le au service de la vie associative\u00a0 accompagn\u00e9 des pi\u00e8ces suivantes :<br \/>\n&#8211; Extrait du J.O. ou bien r\u00e9c\u00e9piss\u00e9 de cr\u00e9ation de la Pr\u00e9fecture<br \/>\n&#8211; Liste des membres du Bureau<\/p>\n<p>A l&#8217;attention de Mme Susini\u00a0 <a href=\"mailto:helene.susini@departement13.fr\">helene.susini@departement13.fr<\/a><\/p>\n<p>A r\u00e9ception du bulletin, le service de la vie associative contactera t\u00e9l\u00e9phoniquement ou par mail les personnes int\u00e9ress\u00e9es.<\/p>\n<ul>\n<li style=\"list-style-type: none\">\n<ul>\n<li style=\"list-style-type: none\">\n<ul>\n<li>\ud83d\udcc5 Le calendrier de toutes les sessions : cliquez <a href=\"https:\/\/formations-benevoles.org\/provence-alpes-cote-dazur\/wp-content\/uploads\/sites\/2\/2024\/08\/Calendrier_2024-2025-formations-CD13.pdf\" target=\"_blank\" rel=\"noopener\">ici<\/a><\/li>\n<li>\ud83d\udcdd La note explicative : cliquez <a href=\"https:\/\/formations-benevoles.org\/provence-alpes-cote-dazur\/wp-content\/uploads\/sites\/2\/2024\/08\/FB_noteexplicative.pdf\" target=\"_blank\" rel=\"noopener\">ici<\/a><\/li>\n<\/ul>\n<\/li>\n<\/ul>\n<\/li>\n<\/ul>\n","protected":false},"excerpt":{"rendered":"<p>La formation Comptabilit\u00e9 approfondie est un module compl\u00e9mentaire au programme de formations gratuites propos\u00e9 par le D\u00e9partement des Bouches-du-Rh\u00f4ne, retrouvez toutes les informations : cliquez ici Objectif p\u00e9dagogiques: Perfectionnement &#8211;&#8230;<\/p>\n","protected":false},"author":2,"featured_media":7192,"comment_status":"open","ping_status":"closed","template":"","tags":[],"mec_category":[49],"mec_speaker":[],"class_list":{"0":"post-7077","1":"mec-events","2":"type-mec-events","3":"status-publish","4":"has-post-thumbnail","6":"mec_category-finances-association"},"_links":{"self":[{"href":"https:\/\/formations-benevoles.org\/provence-alpes-cote-dazur\/wp-json\/wp\/v2\/mec-events\/7077","targetHints":{"allow":["GET"]}}],"collection":[{"href":"https:\/\/formations-benevoles.org\/provence-alpes-cote-dazur\/wp-json\/wp\/v2\/mec-events"}],"about":[{"href":"https:\/\/formations-benevoles.org\/provence-alpes-cote-dazur\/wp-json\/wp\/v2\/types\/mec-events"}],"author":[{"embeddable":true,"href":"https:\/\/formations-benevoles.org\/provence-alpes-cote-dazur\/wp-json\/wp\/v2\/users\/2"}],"replies":[{"embeddable":true,"href":"https:\/\/formations-benevoles.org\/provence-alpes-cote-dazur\/wp-json\/wp\/v2\/comments?post=7077"}],"wp:featuredmedia":[{"embeddable":true,"href":"https:\/\/formations-benevoles.org\/provence-alpes-cote-dazur\/wp-json\/wp\/v2\/media\/7192"}],"wp:attachment":[{"href":"https:\/\/formations-benevoles.org\/provence-alpes-cote-dazur\/wp-json\/wp\/v2\/media?parent=7077"}],"wp:term":[{"taxonomy":"post_tag","embeddable":true,"href":"https:\/\/formations-benevoles.org\/provence-alpes-cote-dazur\/wp-json\/wp\/v2\/tags?post=7077"},{"taxonomy":"mec_category","embeddable":true,"href":"https:\/\/formations-benevoles.org\/provence-alpes-cote-dazur\/wp-json\/wp\/v2\/mec_category?post=7077"},{"taxonomy":"mec_speaker","embeddable":true,"href":"https:\/\/formations-benevoles.org\/provence-alpes-cote-dazur\/wp-json\/wp\/v2\/mec_speaker?post=7077"}],"curies":[{"name":"wp","href":"https:\/\/api.w.org\/{rel}","templated":true}]}}

Comptabilité approfondie

<p><strong>La formation Comptabilité approfondie</strong> est un module complémentaire au programme de formations gratuites proposé par le Département des Bouches-du-Rhône, retrouvez toutes les informations : cliquez <a href="https://www.departement13.fr/nos-services/vous-etes-une-association/se-former/" target="_blank" rel="noopener">ici</a></p>
<h5>Objectif pédagogiques:</h5>
<ul>
<li>Perfectionnement</li>
</ul>
<p>&#8211; Renforcer ses connaissances du fonctionnement budgétaire et comptable d’une association<br />
&#8211; S’exercer à la tenue d’une comptabilité adaptée à son association<br />
&#8211; S’entraîner à la préparation et l’écriture de son budget prévisionnel<br />
&#8211; Se préparer à la clôture de son exercice budgétaire</p>
<p>👉 retrouvez le programme complet des journées complémentaires jours : cliquez <a href="https://formations-benevoles.org/provence-alpes-cote-dazur/wp-content/uploads/sites/2/2024/08/PROGRAMME_DES_JOURNEES_COMPLEMENTAIRES.pdf" target="_blank" rel="noopener">ici</a></p>
<h5>Format de la formation :</h5>
<ul>
<li>Présentiel</li>
</ul>
<h5>Public cible / conditions d&#8217;accès :</h5>
<p>Cette formation s’adresse aux dirigeants bénévoles (président, trésorier, secrétaire ou leur représentant…) des petites associations c’est-à-dire composée uniquement de bénévoles ou de 1 ou 2 salarié(s).</p>
<p>Le Conseil départemental prend à sa charge le coût de la formation. Elle est donc gratuite pour les associations.</p>
<h5>Comment s&#8217;inscrire :</h5>
<p>Téléchargez le bulletin de préinscription <a href="https://formations-benevoles.org/provence-alpes-cote-dazur/wp-content/uploads/sites/2/2024/08/FB_bulletin_pre-inscription.doc" target="_blank" rel="noopener">ici</a></p>
<p>Puis envoyez-le au service de la vie associative  accompagné des pièces suivantes :<br />
&#8211; Extrait du J.O. ou bien récépissé de création de la Préfecture<br />
&#8211; Liste des membres du Bureau</p>
<p>A l&#8217;attention de Mme Susini  <a href="mailto:helene.susini@departement13.fr">helene.susini@departement13.fr</a></p>
<p>A réception du bulletin, le service de la vie associative contactera téléphoniquement ou par mail les personnes intéressées.</p>
<ul>
<li style="list-style-type: none">
<ul>
<li style="list-style-type: none">
<ul>
<li>📅 Le calendrier de toutes les sessions : cliquez <a href="https://formations-benevoles.org/provence-alpes-cote-dazur/wp-content/uploads/sites/2/2024/08/Calendrier_2024-2025-formations-CD13.pdf" target="_blank" rel="noopener">ici</a></li>
<li>📝 La note explicative : cliquez <a href="https://formations-benevoles.org/provence-alpes-cote-dazur/wp-content/uploads/sites/2/2024/08/FB_noteexplicative.pdf" target="_blank" rel="noopener">ici</a></li>
</ul>
</li>
</ul>
</li>
</ul>

<p>La formation Comptabilité approfondie est un module complémentaire au programme de formations gratuites proposé par le Département des Bouches-du-Rhône, retrouvez toutes les informations : cliquez ici Objectif pédagogiques: Perfectionnement &#8211;&#8230;</p>
