{"id":7046,"date":"2024-08-22T10:36:30","date_gmt":"2024-08-22T08:36:30","guid":{"rendered":"https:\/\/formations-benevoles.org\/provence-alpes-cote-dazur\/formations\/decrypter-les-subventions-publiques\/"},"modified":"2024-09-18T12:15:34","modified_gmt":"2024-09-18T10:15:34","slug":"decrypter-les-subventions-publiques","status":"publish","type":"mec-events","link":"https:\/\/formations-benevoles.org\/provence-alpes-cote-dazur\/formations\/decrypter-les-subventions-publiques\/","title":{"rendered":"D\u00e9crypter les subventions publiques"},"content":{"rendered":"<p class=\"has-text-align-left\"><span class=\"has-inline-color\">Mercredi<strong> 2 Octobre \u2013 14h-17h \u2013 Centre Socio Culturel\u00a0<\/strong>des Ecrins \u2013 Argenti\u00e8re<\/span><\/p>\n<h5><span class=\"has-inline-color\">Tels des cryptologues, d\u00e9codez les diff\u00e9rentes pistes de subventions ! <\/span><span class=\"has-inline-color\">D\u00e9butez ou agr\u00e9mentez votre feuille de route pour financer <\/span>(<span class=\"has-inline-color\">Collectivit\u00e9s<\/span><span class=\"has-inline-color\">, Etat, Europe) votre projet.<\/span><\/h5>\n<p>&nbsp;<\/p>\n<h5>Objectifs p\u00e9dagogiques :<\/h5>\n<ul>\n<li>Initiation<\/li>\n<\/ul>\n<h5>Format de la formation :<\/h5>\n<ul>\n<li>Pr\u00e9sentiel<\/li>\n<\/ul>\n<h5>Public cible \/ conditions d&#8217;acc\u00e8s :<\/h5>\n<ul>\n<li>\u00catre adh\u00e9rent de l&#8217;association organisatrice de la formation<\/li>\n<li>Tout public b\u00e9n\u00e9vole, pas de condition d&#8217;acc\u00e8s particuli\u00e8re<\/li>\n<\/ul>\n<h5><strong>Intervenant : <\/strong><\/h5>\n<p>Simon Plantier, charg\u00e9 de vie associative du Comptoir des Assos<\/p>\n<h5>Modalit\u00e9s d&#8217;inscription :<\/h5>\n<ul>\n<li>Par t\u00e9l\u00e9phone au 04 92 20 32 31<\/li>\n<li>Par mail \u00e0 communication@lecomptoirdesassos.com<\/li>\n<li>via le formulaire d&#8217;inscription : <a href=\"https:\/\/www.helloasso.com\/associations\/le-comptoir-des-assos\/evenements\/formation-decrypter-les-subventions-publiques-2\" target=\"_blank\" rel=\"noopener\">cliquez ici<\/a><\/li>\n<\/ul>\n<p>&nbsp;<\/p>\n<p><img loading=\"lazy\" decoding=\"async\" class=\"\" src=\"http:\/\/lecomptoirdesassos.com\/wp-content\/uploads\/2024\/08\/Affiche-formation-cycle-AssoEco-724x1024.png\" width=\"522\" height=\"738\" \/><\/p>\n","protected":false},"excerpt":{"rendered":"<p>Mercredi 2 Octobre \u2013 14h-17h \u2013 Centre Socio Culturel\u00a0des Ecrins \u2013 Argenti\u00e8re Tels des cryptologues, d\u00e9codez les diff\u00e9rentes pistes de subventions ! D\u00e9butez ou agr\u00e9mentez votre feuille de route pour&#8230;<\/p>\n","protected":false},"author":57,"featured_media":7192,"comment_status":"open","ping_status":"closed","template":"","tags":[],"mec_category":[49],"mec_speaker":[],"class_list":{"0":"post-7046","1":"mec-events","2":"type-mec-events","3":"status-publish","4":"has-post-thumbnail","6":"mec_category-finances-association"},"_links":{"self":[{"href":"https:\/\/formations-benevoles.org\/provence-alpes-cote-dazur\/wp-json\/wp\/v2\/mec-events\/7046","targetHints":{"allow":["GET"]}}],"collection":[{"href":"https:\/\/formations-benevoles.org\/provence-alpes-cote-dazur\/wp-json\/wp\/v2\/mec-events"}],"about":[{"href":"https:\/\/formations-benevoles.org\/provence-alpes-cote-dazur\/wp-json\/wp\/v2\/types\/mec-events"}],"author":[{"embeddable":true,"href":"https:\/\/formations-benevoles.org\/provence-alpes-cote-dazur\/wp-json\/wp\/v2\/users\/57"}],"replies":[{"embeddable":true,"href":"https:\/\/formations-benevoles.org\/provence-alpes-cote-dazur\/wp-json\/wp\/v2\/comments?post=7046"}],"wp:featuredmedia":[{"embeddable":true,"href":"https:\/\/formations-benevoles.org\/provence-alpes-cote-dazur\/wp-json\/wp\/v2\/media\/7192"}],"wp:attachment":[{"href":"https:\/\/formations-benevoles.org\/provence-alpes-cote-dazur\/wp-json\/wp\/v2\/media?parent=7046"}],"wp:term":[{"taxonomy":"post_tag","embeddable":true,"href":"https:\/\/formations-benevoles.org\/provence-alpes-cote-dazur\/wp-json\/wp\/v2\/tags?post=7046"},{"taxonomy":"mec_category","embeddable":true,"href":"https:\/\/formations-benevoles.org\/provence-alpes-cote-dazur\/wp-json\/wp\/v2\/mec_category?post=7046"},{"taxonomy":"mec_speaker","embeddable":true,"href":"https:\/\/formations-benevoles.org\/provence-alpes-cote-dazur\/wp-json\/wp\/v2\/mec_speaker?post=7046"}],"curies":[{"name":"wp","href":"https:\/\/api.w.org\/{rel}","templated":true}]}}

Décrypter les subventions publiques

<p class="has-text-align-left"><span class="has-inline-color">Mercredi<strong> 2 Octobre – 14h-17h – Centre Socio Culturel </strong>des Ecrins – Argentière</span></p>
<h5><span class="has-inline-color">Tels des cryptologues, décodez les différentes pistes de subventions ! </span><span class="has-inline-color">Débutez ou agrémentez votre feuille de route pour financer </span>(<span class="has-inline-color">Collectivités</span><span class="has-inline-color">, Etat, Europe) votre projet.</span></h5>
<p>&nbsp;</p>
<h5>Objectifs pédagogiques :</h5>
<ul>
<li>Initiation</li>
</ul>
<h5>Format de la formation :</h5>
<ul>
<li>Présentiel</li>
</ul>
<h5>Public cible / conditions d&#8217;accès :</h5>
<ul>
<li>Être adhérent de l&#8217;association organisatrice de la formation</li>
<li>Tout public bénévole, pas de condition d&#8217;accès particulière</li>
</ul>
<h5><strong>Intervenant : </strong></h5>
<p>Simon Plantier, chargé de vie associative du Comptoir des Assos</p>
<h5>Modalités d&#8217;inscription :</h5>
<ul>
<li>Par téléphone au 04 92 20 32 31</li>
<li>Par mail à communication@lecomptoirdesassos.com</li>
<li>via le formulaire d&#8217;inscription : <a href="https://www.helloasso.com/associations/le-comptoir-des-assos/evenements/formation-decrypter-les-subventions-publiques-2" target="_blank" rel="noopener">cliquez ici</a></li>
</ul>
<p>&nbsp;</p>
<p><img loading="lazy" decoding="async" class="" src="http://lecomptoirdesassos.com/wp-content/uploads/2024/08/Affiche-formation-cycle-AssoEco-724x1024.png" width="522" height="738" /></p>

<p>Mercredi 2 Octobre – 14h-17h – Centre Socio Culturel des Ecrins – Argentière Tels des cryptologues, décodez les différentes pistes de subventions ! Débutez ou agrémentez votre feuille de route pour&#8230;</p>
