{"id":6777,"date":"2024-07-30T10:15:57","date_gmt":"2024-07-30T08:15:57","guid":{"rendered":"https:\/\/formations-benevoles.org\/provence-alpes-cote-dazur\/formations\/initiation-a-la-comptabilite-associative\/"},"modified":"2025-08-08T12:16:48","modified_gmt":"2025-08-08T10:16:48","slug":"initiation-a-la-comptabilite-associative","status":"publish","type":"mec-events","link":"https:\/\/formations-benevoles.org\/provence-alpes-cote-dazur\/formations\/initiation-a-la-comptabilite-associative\/","title":{"rendered":"Initiation \u00e0 la comptabilit\u00e9 associative"},"content":{"rendered":"<h5>Objectifs p\u00e9dagogiques :<\/h5>\n<ul>\n<li>Initiation<\/li>\n<\/ul>\n<h5>Format de la formation :<\/h5>\n<ul>\n<li>Pr\u00e9sentiel : \u00e0 Atelier Canop\u00e9 05 &#8211; 14 avenue Mar\u00e9chal Foch &#8211; 05000 Gap<\/li>\n<\/ul>\n<h5>Public cible \/ conditions d&#8217;acc\u00e8s :<\/h5>\n<ul>\n<li>Tout public b\u00e9n\u00e9vole, pas de condition d&#8217;acc\u00e8s particuli\u00e8re<\/li>\n<\/ul>\n<h5 class=\"h2\">Descriptif de la formation :<\/h5>\n<p>En tant qu\u2019acteur associatif, vous souhaitez vous initier \u00e0 la comptabilit\u00e9 associative ?<br \/>\nRejoignez notre formation qui r\u00e9unit des acteurs associatifs ayant pour souhait d\u2019\u00eatre initi\u00e9s \u00e0 la comptabilit\u00e9 associative. Cette journ\u00e9e vous permettra :<\/p>\n<ul>\n<li>de conna\u00eetre les principes et obligations comptables<\/li>\n<li>de d\u00e9couvrir la tenu des comptes par le biais d\u2019exercices concrets<\/li>\n<li>de comprendre les outils de pilotage (bilan, compte de r\u00e9sultat)<\/li>\n<li>de vous outiller en m\u00e9thodes et supports pour vous aider dans la comptabilit\u00e9 de votre association<\/li>\n<\/ul>\n<h5 class=\"h2\">Intervenant :<\/h5>\n<p>Charg\u00e9e de mission<\/p>\n<h5 class=\"h2\">Pour s&#8217;inscrire :<\/h5>\n<ul>\n<li><span class=\"meta-tel\">par t\u00e9l\u00e9phone au 06 14 49 29 88<\/span><span class=\"meta-tel\">\u00a0<\/span><\/li>\n<li>par mail \u00e0 <a href=\"mailto:crva@laligue05.org\">crva@laligue05.org<\/a><\/li>\n<li>avec le formulaire d&#8217;inscription :\u00a0<a class=\"btn-struc-link\" href=\"https:\/\/forms.gle\/cRbxPyiyqrHMV8YVA\" target=\"_blank\" rel=\"noopener\">Faire une demande d&#8217;inscription<\/a><\/li>\n<\/ul>\n<div><\/div>\n<div><a class=\"btn-struc-link\" href=\"https:\/\/www.calameo.com\/read\/0074141981195104efa63\" target=\"_blank\" rel=\"noopener\">Acc\u00e9der \u00e0 notre site<\/a><\/div>\n","protected":false},"excerpt":{"rendered":"<p>Objectifs p\u00e9dagogiques : Initiation Format de la formation : Pr\u00e9sentiel : \u00e0 Atelier Canop\u00e9 05 &#8211; 14 avenue Mar\u00e9chal Foch &#8211; 05000 Gap Public cible \/ conditions d&#8217;acc\u00e8s : Tout&#8230;<\/p>\n","protected":false},"author":44,"featured_media":7192,"comment_status":"open","ping_status":"closed","template":"","tags":[],"mec_category":[48,49],"mec_speaker":[],"class_list":{"0":"post-6777","1":"mec-events","2":"type-mec-events","3":"status-publish","4":"has-post-thumbnail","6":"mec_category-fonctionnement-association","7":"mec_category-finances-association"},"_links":{"self":[{"href":"https:\/\/formations-benevoles.org\/provence-alpes-cote-dazur\/wp-json\/wp\/v2\/mec-events\/6777","targetHints":{"allow":["GET"]}}],"collection":[{"href":"https:\/\/formations-benevoles.org\/provence-alpes-cote-dazur\/wp-json\/wp\/v2\/mec-events"}],"about":[{"href":"https:\/\/formations-benevoles.org\/provence-alpes-cote-dazur\/wp-json\/wp\/v2\/types\/mec-events"}],"author":[{"embeddable":true,"href":"https:\/\/formations-benevoles.org\/provence-alpes-cote-dazur\/wp-json\/wp\/v2\/users\/44"}],"replies":[{"embeddable":true,"href":"https:\/\/formations-benevoles.org\/provence-alpes-cote-dazur\/wp-json\/wp\/v2\/comments?post=6777"}],"wp:featuredmedia":[{"embeddable":true,"href":"https:\/\/formations-benevoles.org\/provence-alpes-cote-dazur\/wp-json\/wp\/v2\/media\/7192"}],"wp:attachment":[{"href":"https:\/\/formations-benevoles.org\/provence-alpes-cote-dazur\/wp-json\/wp\/v2\/media?parent=6777"}],"wp:term":[{"taxonomy":"post_tag","embeddable":true,"href":"https:\/\/formations-benevoles.org\/provence-alpes-cote-dazur\/wp-json\/wp\/v2\/tags?post=6777"},{"taxonomy":"mec_category","embeddable":true,"href":"https:\/\/formations-benevoles.org\/provence-alpes-cote-dazur\/wp-json\/wp\/v2\/mec_category?post=6777"},{"taxonomy":"mec_speaker","embeddable":true,"href":"https:\/\/formations-benevoles.org\/provence-alpes-cote-dazur\/wp-json\/wp\/v2\/mec_speaker?post=6777"}],"curies":[{"name":"wp","href":"https:\/\/api.w.org\/{rel}","templated":true}]}}

Initiation à la comptabilité associative

<h5>Objectifs pédagogiques :</h5>
<ul>
<li>Initiation</li>
</ul>
<h5>Format de la formation :</h5>
<ul>
<li>Présentiel : à Atelier Canopé 05 &#8211; 14 avenue Maréchal Foch &#8211; 05000 Gap</li>
</ul>
<h5>Public cible / conditions d&#8217;accès :</h5>
<ul>
<li>Tout public bénévole, pas de condition d&#8217;accès particulière</li>
</ul>
<h5 class="h2">Descriptif de la formation :</h5>
<p>En tant qu’acteur associatif, vous souhaitez vous initier à la comptabilité associative ?<br />
Rejoignez notre formation qui réunit des acteurs associatifs ayant pour souhait d’être initiés à la comptabilité associative. Cette journée vous permettra :</p>
<ul>
<li>de connaître les principes et obligations comptables</li>
<li>de découvrir la tenu des comptes par le biais d’exercices concrets</li>
<li>de comprendre les outils de pilotage (bilan, compte de résultat)</li>
<li>de vous outiller en méthodes et supports pour vous aider dans la comptabilité de votre association</li>
</ul>
<h5 class="h2">Intervenant :</h5>
<p>Chargée de mission</p>
<h5 class="h2">Pour s&#8217;inscrire :</h5>
<ul>
<li><span class="meta-tel">par téléphone au 06 14 49 29 88</span><span class="meta-tel"> </span></li>
<li>par mail à <a href="mailto:crva@laligue05.org">crva@laligue05.org</a></li>
<li>avec le formulaire d&#8217;inscription : <a class="btn-struc-link" href="https://forms.gle/cRbxPyiyqrHMV8YVA" target="_blank" rel="noopener">Faire une demande d&#8217;inscription</a></li>
</ul>
<div></div>
<div><a class="btn-struc-link" href="https://www.calameo.com/read/0074141981195104efa63" target="_blank" rel="noopener">Accéder à notre site</a></div>

<p>Objectifs pédagogiques : Initiation Format de la formation : Présentiel : à Atelier Canopé 05 &#8211; 14 avenue Maréchal Foch &#8211; 05000 Gap Public cible / conditions d&#8217;accès : Tout&#8230;</p>
