{"id":6765,"date":"2024-07-26T16:55:20","date_gmt":"2024-07-26T14:55:20","guid":{"rendered":"https:\/\/formations-benevoles.org\/provence-alpes-cote-dazur\/formations\/initiation-a-la-comptabilite\/"},"modified":"2025-02-03T14:39:26","modified_gmt":"2025-02-03T13:39:26","slug":"initiation-a-la-comptabilite","status":"publish","type":"mec-events","link":"https:\/\/formations-benevoles.org\/provence-alpes-cote-dazur\/formations\/initiation-a-la-comptabilite\/","title":{"rendered":"Initiation \u00e0 la comptabilit\u00e9"},"content":{"rendered":"<h5>Objectifs p\u00e9dagogiques :<\/h5>\n<ul>\n<li>Initiation<\/li>\n<\/ul>\n<h5>Format de la formation :<\/h5>\n<ul>\n<li>Pr\u00e9sentiel<\/li>\n<\/ul>\n<p><span style=\"text-decoration: underline\">Lieu <\/span>: Centre culturel Jean Giono,\u00a03 Bd Elemir Bourges,\u00a004100 &#8211; Manosque<\/p>\n<h5>Public cible \/ conditions d&#8217;acc\u00e8s :<\/h5>\n<ul>\n<li>Tout public b\u00e9n\u00e9vole, pas de condition d&#8217;acc\u00e8s particuli\u00e8re<\/li>\n<\/ul>\n<h5 class=\"h2\">Descriptif de la formation :<\/h5>\n<ul>\n<li>S\u2019initier \u00e0 tenir les comptes d\u2019une association<\/li>\n<li>Comprendre un compte de r\u00e9sultat<\/li>\n<li>Aborder le bilan comptable<\/li>\n<\/ul>\n<p>En tant qu\u2019acteur associatif, vous souhaitez vous initier \u00e0 la comptabilit\u00e9 associative ?<br \/>\nRejoignez notre formation qui r\u00e9unit des acteurs associatifs ayant pour souhait d\u2019\u00eatre initi\u00e9s \u00e0 la comptabilit\u00e9 associative. Cette journ\u00e9e vous permettra :<br \/>\n\u2013 de conna\u00eetre les principes et obligations comptables<br \/>\n\u2013 de d\u00e9couvrir la tenue des comptes par le biais d\u2019exercices concrets<br \/>\n\u2013 de comprendre les outils de pilotage (bilan, compte de r\u00e9sultat)<br \/>\n\u2013 de vous outiller en m\u00e9thodes et supports pour vous aider dans la comptabilit\u00e9 de votre association<\/p>\n<h5 class=\"h2\">Intervenant<\/h5>\n<p>Charg\u00e9e de mission vie associative<\/p>\n<h5 class=\"h2\">Pour s&#8217;inscrire :<\/h5>\n<ul>\n<li><span class=\"meta-tel\">par t\u00e9l\u00e9phone au 04 92 30 91 03<\/span><\/li>\n<li>par mail \u00e0 <span class=\"meta-tel\"><a href=\"mailto:crib04@laligue-alpesdusud.org\">crib04@laligue-alpesdusud.org<\/a><\/span><\/li>\n<li>Avec le formulaire d&#8217;inscription \ud83d\udc49 <a class=\"btn-struc-link\" href=\"https:\/\/docs.google.com\/forms\/d\/e\/1FAIpQLSfYEgB59lleVhW4ILt-r785Kjpv0-LdrRFxFbWrImAIXQBE9g\/viewform\" target=\"_blank\" rel=\"noopener\">Faire une demande d&#8217;inscription<\/a> <a class=\"btn-struc-link\" href=\"https:\/\/docs.google.com\/forms\/d\/e\/1FAIpQLSfYEgB59lleVhW4ILt-r785Kjpv0-LdrRFxFbWrImAIXQBE9g\/viewform\" target=\"_blank\" rel=\"noopener\">aupr\u00e8s de la structure<\/a><\/li>\n<\/ul>\n","protected":false},"excerpt":{"rendered":"<p>Objectifs p\u00e9dagogiques : Initiation Format de la formation : Pr\u00e9sentiel Lieu : Centre culturel Jean Giono,\u00a03 Bd Elemir Bourges,\u00a004100 &#8211; Manosque Public cible \/ conditions d&#8217;acc\u00e8s : Tout public b\u00e9n\u00e9vole,&#8230;<\/p>\n","protected":false},"author":82,"featured_media":7192,"comment_status":"open","ping_status":"closed","template":"","tags":[],"mec_category":[49],"mec_speaker":[],"class_list":{"0":"post-6765","1":"mec-events","2":"type-mec-events","3":"status-publish","4":"has-post-thumbnail","6":"mec_category-finances-association"},"_links":{"self":[{"href":"https:\/\/formations-benevoles.org\/provence-alpes-cote-dazur\/wp-json\/wp\/v2\/mec-events\/6765","targetHints":{"allow":["GET"]}}],"collection":[{"href":"https:\/\/formations-benevoles.org\/provence-alpes-cote-dazur\/wp-json\/wp\/v2\/mec-events"}],"about":[{"href":"https:\/\/formations-benevoles.org\/provence-alpes-cote-dazur\/wp-json\/wp\/v2\/types\/mec-events"}],"author":[{"embeddable":true,"href":"https:\/\/formations-benevoles.org\/provence-alpes-cote-dazur\/wp-json\/wp\/v2\/users\/82"}],"replies":[{"embeddable":true,"href":"https:\/\/formations-benevoles.org\/provence-alpes-cote-dazur\/wp-json\/wp\/v2\/comments?post=6765"}],"wp:featuredmedia":[{"embeddable":true,"href":"https:\/\/formations-benevoles.org\/provence-alpes-cote-dazur\/wp-json\/wp\/v2\/media\/7192"}],"wp:attachment":[{"href":"https:\/\/formations-benevoles.org\/provence-alpes-cote-dazur\/wp-json\/wp\/v2\/media?parent=6765"}],"wp:term":[{"taxonomy":"post_tag","embeddable":true,"href":"https:\/\/formations-benevoles.org\/provence-alpes-cote-dazur\/wp-json\/wp\/v2\/tags?post=6765"},{"taxonomy":"mec_category","embeddable":true,"href":"https:\/\/formations-benevoles.org\/provence-alpes-cote-dazur\/wp-json\/wp\/v2\/mec_category?post=6765"},{"taxonomy":"mec_speaker","embeddable":true,"href":"https:\/\/formations-benevoles.org\/provence-alpes-cote-dazur\/wp-json\/wp\/v2\/mec_speaker?post=6765"}],"curies":[{"name":"wp","href":"https:\/\/api.w.org\/{rel}","templated":true}]}}

Initiation à la comptabilité

<h5>Objectifs pédagogiques :</h5>
<ul>
<li>Initiation</li>
</ul>
<h5>Format de la formation :</h5>
<ul>
<li>Présentiel</li>
</ul>
<p><span style="text-decoration: underline">Lieu </span>: Centre culturel Jean Giono, 3 Bd Elemir Bourges, 04100 &#8211; Manosque</p>
<h5>Public cible / conditions d&#8217;accès :</h5>
<ul>
<li>Tout public bénévole, pas de condition d&#8217;accès particulière</li>
</ul>
<h5 class="h2">Descriptif de la formation :</h5>
<ul>
<li>S’initier à tenir les comptes d’une association</li>
<li>Comprendre un compte de résultat</li>
<li>Aborder le bilan comptable</li>
</ul>
<p>En tant qu’acteur associatif, vous souhaitez vous initier à la comptabilité associative ?<br />
Rejoignez notre formation qui réunit des acteurs associatifs ayant pour souhait d’être initiés à la comptabilité associative. Cette journée vous permettra :<br />
– de connaître les principes et obligations comptables<br />
– de découvrir la tenue des comptes par le biais d’exercices concrets<br />
– de comprendre les outils de pilotage (bilan, compte de résultat)<br />
– de vous outiller en méthodes et supports pour vous aider dans la comptabilité de votre association</p>
<h5 class="h2">Intervenant</h5>
<p>Chargée de mission vie associative</p>
<h5 class="h2">Pour s&#8217;inscrire :</h5>
<ul>
<li><span class="meta-tel">par téléphone au 04 92 30 91 03</span></li>
<li>par mail à <span class="meta-tel"><a href="mailto:crib04@laligue-alpesdusud.org">crib04@laligue-alpesdusud.org</a></span></li>
<li>Avec le formulaire d&#8217;inscription 👉 <a class="btn-struc-link" href="https://docs.google.com/forms/d/e/1FAIpQLSfYEgB59lleVhW4ILt-r785Kjpv0-LdrRFxFbWrImAIXQBE9g/viewform" target="_blank" rel="noopener">Faire une demande d&#8217;inscription</a> <a class="btn-struc-link" href="https://docs.google.com/forms/d/e/1FAIpQLSfYEgB59lleVhW4ILt-r785Kjpv0-LdrRFxFbWrImAIXQBE9g/viewform" target="_blank" rel="noopener">auprès de la structure</a></li>
</ul>

<p>Objectifs pédagogiques : Initiation Format de la formation : Présentiel Lieu : Centre culturel Jean Giono, 3 Bd Elemir Bourges, 04100 &#8211; Manosque Public cible / conditions d&#8217;accès : Tout public bénévole,&#8230;</p>
