{"id":6646,"date":"2024-09-03T11:54:45","date_gmt":"2024-09-03T09:54:45","guid":{"rendered":"https:\/\/formations-benevoles.org\/occitanie\/?page_id=6646"},"modified":"2024-09-03T11:54:45","modified_gmt":"2024-09-03T09:54:45","slug":"widget","status":"publish","type":"page","link":"https:\/\/formations-benevoles.org\/occitanie\/widget\/","title":{"rendered":"Widget"},"content":{"rendered":"<ul class=\"openscop-mvt-widget\">\n    \n        <li>\n            <div class=\"content\">\n                <a href=\"https:\/\/formations-benevoles.org\/occitanie\/formations\/atelier-formatif-comment-bien-gerer-son-association-modules-1-et-2\/\" target=\"_blank\" class=\"h-content\">\n                Atelier formatif &#8220;Comment bien g\u00e9rer son association (modules 1 et 2)&#8221;                <br>\n                <small>Perpignan<\/small>\n            <\/a>\n\n            <p class=\"p-content\">05 Mai 2026<\/p>\n\n            <\/div>\n        <\/li>\n\n\n    \n        <li>\n            <div class=\"content\">\n                <a href=\"https:\/\/formations-benevoles.org\/occitanie\/formations\/atelier-formatif-comment-bien-gerer-son-association-modules-3-et-4\/\" target=\"_blank\" class=\"h-content\">\n                Atelier formatif &#8220;Comment bien g\u00e9rer son association (modules 3 et 4)&#8221;                <br>\n                <small>Perpignan<\/small>\n            <\/a>\n\n            <p class=\"p-content\">12 Mai 2026<\/p>\n\n            <\/div>\n        <\/li>\n\n\n    \n        <li>\n            <div class=\"content\">\n                <a href=\"https:\/\/formations-benevoles.org\/occitanie\/formations\/travailler-en-mode-projet-avec-asana-3\/\" target=\"_blank\" class=\"h-content\">\n                TRAVAILLER EN MODE PROJET AVEC ASANA                <br>\n                <small><\/small>\n            <\/a>\n\n            <p class=\"p-content\">16 Mai 2026<\/p>\n\n            <\/div>\n        <\/li>\n\n\n    \n        <li>\n            <div class=\"content\">\n                <a href=\"https:\/\/formations-benevoles.org\/occitanie\/formations\/mettre-en-place-une-comptabilite-adaptee-a-son-association\/\" target=\"_blank\" class=\"h-content\">\n                Mettre en place une comptabilit\u00e9 adapt\u00e9e \u00e0 son association                <br>\n                <small><\/small>\n            <\/a>\n\n            <p class=\"p-content\">18 Mai 2026<\/p>\n\n            <\/div>\n        <\/li>\n\n\n    \n        <li>\n            <div class=\"content\">\n                <a href=\"https:\/\/formations-benevoles.org\/occitanie\/formations\/benevoles-dactivite-dirigeants-benevoles-les-mobiliser-les-accompagner\/\" target=\"_blank\" class=\"h-content\">\n                B\u00e9n\u00e9voles d\u2019activit\u00e9 \/ dirigeants b\u00e9n\u00e9voles : les mobiliser, les accompagner                <br>\n                <small><\/small>\n            <\/a>\n\n            <p class=\"p-content\">19 Mai 2026<\/p>\n\n            <\/div>\n        <\/li>\n\n\n    \n        <li>\n            <div class=\"content\">\n                <a href=\"https:\/\/formations-benevoles.org\/occitanie\/formations\/monter-sa-campagne-de-financement-participatif-2\/\" target=\"_blank\" class=\"h-content\">\n                Monter sa campagne de financement participatif                <br>\n                <small><\/small>\n            <\/a>\n\n            <p class=\"p-content\">26 Mai 2026<\/p>\n\n            <\/div>\n        <\/li>\n\n\n    \n        <li>\n            <div class=\"content\">\n                <a href=\"https:\/\/formations-benevoles.org\/occitanie\/formations\/faire-le-tris-dans-nos-activites\/\" target=\"_blank\" class=\"h-content\">\n                Faire le tris dans nos activit\u00e9s                <br>\n                <small><\/small>\n            <\/a>\n\n            <p class=\"p-content\">28 Mai 2026<\/p>\n\n            <\/div>\n        <\/li>\n\n\n    \n        <li>\n            <div class=\"content\">\n                <a href=\"https:\/\/formations-benevoles.org\/occitanie\/formations\/anticiper-et-suivre-la-mise-en-oeuvre-de-son-projet\/\" target=\"_blank\" class=\"h-content\">\n                CONSTRUIRE SON MOD\u00c8LE SOCIO-\u00c9CONOMIQUE POUR SUIVRE LA MISE EN \u0152UVRE DE SON PROJET                <br>\n                <small><\/small>\n            <\/a>\n\n            <p class=\"p-content\">02 Juin 2026<\/p>\n\n            <\/div>\n        <\/li>\n\n\n    \n        <li>\n            <div class=\"content\">\n                <a href=\"https:\/\/formations-benevoles.org\/occitanie\/formations\/donner-envie-aux-benevoles-de-simpliquer-dans-son-asso\/\" target=\"_blank\" class=\"h-content\">\n                Donner envie aux b\u00e9n\u00e9voles de s\u2019impliquer dans son asso                <br>\n                <small><\/small>\n            <\/a>\n\n            <p class=\"p-content\">04 Juin 2026<\/p>\n\n            <\/div>\n        <\/li>\n\n\n    \n        <li>\n            <div class=\"content\">\n                <a href=\"https:\/\/formations-benevoles.org\/occitanie\/formations\/transition-ecologique-agir-et-adapter-nos-projets\/\" target=\"_blank\" class=\"h-content\">\n                Transition \u00e9cologique : agir et adapter nos projets                <br>\n                <small><\/small>\n            <\/a>\n\n            <p class=\"p-content\">11 Juin 2026<\/p>\n\n            <\/div>\n        <\/li>\n\n\n    \n        <li>\n            <div class=\"content\">\n                <a href=\"https:\/\/formations-benevoles.org\/occitanie\/formations\/mettre-en-place-la-comptabilite-dune-petite-association\/\" target=\"_blank\" class=\"h-content\">\n                Mettre en place la comptabilit\u00e9 d\u2019une petite association                <br>\n                <small>NIMES<\/small>\n            <\/a>\n\n            <p class=\"p-content\">11 Juin 2026<\/p>\n\n            <\/div>\n        <\/li>\n\n\n    \n        <li>\n            <div class=\"content\">\n                <a href=\"https:\/\/formations-benevoles.org\/occitanie\/formations\/droit-des-donnees-personnelles-et-rgpd-5\/\" target=\"_blank\" class=\"h-content\">\n                Droit des donn\u00e9es personnelles et RGPD                <br>\n                <small><\/small>\n            <\/a>\n\n            <p class=\"p-content\">13 Juin 2026<\/p>\n\n            <\/div>\n        <\/li>\n\n\n    \n        <li>\n            <div class=\"content\">\n                <a href=\"https:\/\/formations-benevoles.org\/occitanie\/formations\/passer-au-logiciel-paheko-pour-la-tenue-de-sa-comptabilite-associative\/\" target=\"_blank\" class=\"h-content\">\n                Passer au logiciel Paheko pour la tenue de sa comptabilit\u00e9 associative                <br>\n                <small><\/small>\n            <\/a>\n\n            <p class=\"p-content\">23 Juin 2026<\/p>\n\n            <\/div>\n        <\/li>\n\n\n    \n        <li>\n            <div class=\"content\">\n                <a href=\"https:\/\/formations-benevoles.org\/occitanie\/formations\/le-benevolat-illumine-la-vie\/\" target=\"_blank\" class=\"h-content\">\n                Le b\u00e9n\u00e9volat illumine la vie                <br>\n                <small><\/small>\n            <\/a>\n\n            <p class=\"p-content\">29 Juin 2026<\/p>\n\n            <\/div>\n        <\/li>\n\n\n    \n        <li>\n            <div class=\"content\">\n                <a href=\"https:\/\/formations-benevoles.org\/occitanie\/formations\/rediger-son-rapport-dactivite\/\" target=\"_blank\" class=\"h-content\">\n                R\u00c9DIGER SON RAPPORT D&#8217;ACTIVIT\u00c9                <br>\n                <small><\/small>\n            <\/a>\n\n            <p class=\"p-content\">30 Juin 2026<\/p>\n\n            <\/div>\n        <\/li>\n\n\n    \n        <li>\n            <div class=\"content\">\n                <a href=\"https:\/\/formations-benevoles.org\/occitanie\/formations\/communication-externe-et-relations-presse-4\/\" target=\"_blank\" class=\"h-content\">\n                COMMUNICATION EXTERNE ET RELATIONS PRESSE                <br>\n                <small><\/small>\n            <\/a>\n\n            <p class=\"p-content\">30 Juin 2026<\/p>\n\n            <\/div>\n        <\/li>\n\n\n    \n        <li>\n            <div class=\"content\">\n                <a href=\"https:\/\/formations-benevoles.org\/occitanie\/formations\/pitcher-son-projet-associatif-le-presenter-clairement\/\" target=\"_blank\" class=\"h-content\">\n                \u201cPITCHER SON PROJET ASSOCIATIF\u201d : LE PR\u00c9SENTER CLAIREMENT                <br>\n                <small><\/small>\n            <\/a>\n\n            <p class=\"p-content\">07 Juil 2026<\/p>\n\n            <\/div>\n        <\/li>\n\n\n    \n        <li>\n            <div class=\"content\">\n                <a href=\"https:\/\/formations-benevoles.org\/occitanie\/formations\/savoir-utiliser-gestanet-pour-la-gestion-des-adhesions-des-foyers-ruraux\/\" target=\"_blank\" class=\"h-content\">\n                SAVOIR UTILISER GESTANET pour la gestion des adh\u00e9sions des Foyers Ruraux                <br>\n                <small><\/small>\n            <\/a>\n\n            <p class=\"p-content\">08 Sep 2026<\/p>\n\n            <\/div>\n        <\/li>\n\n\n    \n        <li>\n            <div class=\"content\">\n                <a href=\"https:\/\/formations-benevoles.org\/occitanie\/formations\/envisager-le-premier-emploi-dans-notre-asso\/\" target=\"_blank\" class=\"h-content\">\n                Envisager le premier emploi dans notre asso                <br>\n                <small><\/small>\n            <\/a>\n\n            <p class=\"p-content\">15 Sep 2026<\/p>\n\n            <\/div>\n        <\/li>\n\n\n    \n        <li>\n            <div class=\"content\">\n                <a href=\"https:\/\/formations-benevoles.org\/occitanie\/formations\/sorganiser-et-decider-a-plusieurs-dans-les-instances-dirigeantes-bureau-ca-collegiale\/\" target=\"_blank\" class=\"h-content\">\n                S\u2019organiser et d\u00e9cider \u00e0 plusieurs dans les instances dirigeantes (bureau, CA, coll\u00e9giale, \u2026)                <br>\n                <small><\/small>\n            <\/a>\n\n            <p class=\"p-content\">06 Oct 2026<\/p>\n\n            <\/div>\n        <\/li>\n\n\n    \n        <li>\n            <div class=\"content\">\n                <a href=\"https:\/\/formations-benevoles.org\/occitanie\/formations\/se-reperer-dans-les-financements-publics-et-remplir-son-dossier-de-subvention\/\" target=\"_blank\" class=\"h-content\">\n                Se rep\u00e9rer dans les financements publics et remplir son dossier de subvention                <br>\n                <small><\/small>\n            <\/a>\n\n            <p class=\"p-content\">08 Oct 2026<\/p>\n\n            <\/div>\n        <\/li>\n\n\n    \n        <li>\n            <div class=\"content\">\n                <a href=\"https:\/\/formations-benevoles.org\/occitanie\/formations\/lancer-et-gerer-une-strategie-de-financement-participatif\/\" target=\"_blank\" class=\"h-content\">\n                Lancer et g\u00e9rer une strat\u00e9gie de financement participatif                <br>\n                <small><\/small>\n            <\/a>\n\n            <p class=\"p-content\">15 Oct 2026<\/p>\n\n            <\/div>\n        <\/li>\n\n\n    \n        <li>\n            <div class=\"content\">\n                <a href=\"https:\/\/formations-benevoles.org\/occitanie\/formations\/preparer-le-premier-emploi-dans-notre-asso\/\" target=\"_blank\" class=\"h-content\">\n                Pr\u00e9parer le premier emploi dans notre asso                <br>\n                <small><\/small>\n            <\/a>\n\n            <p class=\"p-content\">15 Oct 2026<\/p>\n\n            <\/div>\n        <\/li>\n\n\n    \n        <li>\n            <div class=\"content\">\n                <a href=\"https:\/\/formations-benevoles.org\/occitanie\/formations\/elaborer-une-strategie-de-mecenat-pour-son-asso\/\" target=\"_blank\" class=\"h-content\">\n                Elaborer une strat\u00e9gie de m\u00e9c\u00e9nat pour son asso                <br>\n                <small><\/small>\n            <\/a>\n\n            <p class=\"p-content\">05 Nov 2026<\/p>\n\n            <\/div>\n        <\/li>\n\n\n    \n        <li>\n            <div class=\"content\">\n                <a href=\"https:\/\/formations-benevoles.org\/occitanie\/formations\/les-financements-2\/\" target=\"_blank\" class=\"h-content\">\n                Les financements                <br>\n                <small><\/small>\n            <\/a>\n\n            <p class=\"p-content\">12 Nov 2026<\/p>\n\n            <\/div>\n        <\/li>\n\n\n    \n        <li>\n            <div class=\"content\">\n                <a href=\"https:\/\/formations-benevoles.org\/occitanie\/formations\/tous-comptes-faits-cest-simple-2\/\" target=\"_blank\" class=\"h-content\">\n                Tous comptes faits, c\u2019est simple!                <br>\n                <small><\/small>\n            <\/a>\n\n            <p class=\"p-content\">26 Nov 2026<\/p>\n\n            <\/div>\n        <\/li>\n\n\n    \n        <li>\n            <div class=\"content\">\n                <a href=\"https:\/\/formations-benevoles.org\/occitanie\/formations\/se-reperer-dans-les-financements-publics-et-remplir-son-dossier-de-subvention-2\/\" target=\"_blank\" class=\"h-content\">\n                Se rep\u00e9rer dans les financements publics et remplir son dossier de subvention                <br>\n                <small><\/small>\n            <\/a>\n\n            <p class=\"p-content\">03 D\u00e9c 2026<\/p>\n\n            <\/div>\n        <\/li>\n\n\n    \n        <li>\n            <div class=\"content\">\n                <a href=\"https:\/\/formations-benevoles.org\/occitanie\/formations\/les-benevoles-2\/\" target=\"_blank\" class=\"h-content\">\n                Les b\u00e9n\u00e9voles                <br>\n                <small><\/small>\n            <\/a>\n\n            <p class=\"p-content\">10 D\u00e9c 2026<\/p>\n\n            <\/div>\n        <\/li>\n\n\n    <\/ul>\n","protected":false},"excerpt":{"rendered":"","protected":false},"author":5,"featured_media":0,"parent":0,"menu_order":0,"comment_status":"closed","ping_status":"closed","template":"template-no-header-footer.php","meta":{"footnotes":""},"class_list":["post-6646","page","type-page","status-publish"],"_links":{"self":[{"href":"https:\/\/formations-benevoles.org\/occitanie\/wp-json\/wp\/v2\/pages\/6646","targetHints":{"allow":["GET"]}}],"collection":[{"href":"https:\/\/formations-benevoles.org\/occitanie\/wp-json\/wp\/v2\/pages"}],"about":[{"href":"https:\/\/formations-benevoles.org\/occitanie\/wp-json\/wp\/v2\/types\/page"}],"author":[{"embeddable":true,"href":"https:\/\/formations-benevoles.org\/occitanie\/wp-json\/wp\/v2\/users\/5"}],"replies":[{"embeddable":true,"href":"https:\/\/formations-benevoles.org\/occitanie\/wp-json\/wp\/v2\/comments?post=6646"}],"version-history":[{"count":0,"href":"https:\/\/formations-benevoles.org\/occitanie\/wp-json\/wp\/v2\/pages\/6646\/revisions"}],"wp:attachment":[{"href":"https:\/\/formations-benevoles.org\/occitanie\/wp-json\/wp\/v2\/media?parent=6646"}],"curies":[{"name":"wp","href":"https:\/\/api.w.org\/{rel}","templated":true}]}}

<ul class="openscop-mvt-widget">
    
        <li>
            <div class="content">
                <a href="https://formations-benevoles.org/occitanie/formations/atelier-formatif-comment-bien-gerer-son-association-modules-1-et-2/" target="_blank" class="h-content">
                Atelier formatif &#8220;Comment bien gérer son association (modules 1 et 2)&#8221;                <br>
                <small>Perpignan</small>
            </a>

            <p class="p-content">05 Mai 2026</p>

            </div>
        </li>


    
        <li>
            <div class="content">
                <a href="https://formations-benevoles.org/occitanie/formations/atelier-formatif-comment-bien-gerer-son-association-modules-3-et-4/" target="_blank" class="h-content">
                Atelier formatif &#8220;Comment bien gérer son association (modules 3 et 4)&#8221;                <br>
                <small>Perpignan</small>
            </a>

            <p class="p-content">12 Mai 2026</p>

            </div>
        </li>


    
        <li>
            <div class="content">
                <a href="https://formations-benevoles.org/occitanie/formations/travailler-en-mode-projet-avec-asana-3/" target="_blank" class="h-content">
                TRAVAILLER EN MODE PROJET AVEC ASANA                <br>
                <small></small>
            </a>

            <p class="p-content">16 Mai 2026</p>

            </div>
        </li>


    
        <li>
            <div class="content">
                <a href="https://formations-benevoles.org/occitanie/formations/mettre-en-place-une-comptabilite-adaptee-a-son-association/" target="_blank" class="h-content">
                Mettre en place une comptabilité adaptée à son association                <br>
                <small></small>
            </a>

            <p class="p-content">18 Mai 2026</p>

            </div>
        </li>


    
        <li>
            <div class="content">
                <a href="https://formations-benevoles.org/occitanie/formations/benevoles-dactivite-dirigeants-benevoles-les-mobiliser-les-accompagner/" target="_blank" class="h-content">
                Bénévoles d’activité / dirigeants bénévoles : les mobiliser, les accompagner                <br>
                <small></small>
            </a>

            <p class="p-content">19 Mai 2026</p>

            </div>
        </li>


    
        <li>
            <div class="content">
                <a href="https://formations-benevoles.org/occitanie/formations/monter-sa-campagne-de-financement-participatif-2/" target="_blank" class="h-content">
                Monter sa campagne de financement participatif                <br>
                <small></small>
            </a>

            <p class="p-content">26 Mai 2026</p>

            </div>
        </li>


    
        <li>
            <div class="content">
                <a href="https://formations-benevoles.org/occitanie/formations/faire-le-tris-dans-nos-activites/" target="_blank" class="h-content">
                Faire le tris dans nos activités                <br>
                <small></small>
            </a>

            <p class="p-content">28 Mai 2026</p>

            </div>
        </li>


    
        <li>
            <div class="content">
                <a href="https://formations-benevoles.org/occitanie/formations/anticiper-et-suivre-la-mise-en-oeuvre-de-son-projet/" target="_blank" class="h-content">
                CONSTRUIRE SON MODÈLE SOCIO-ÉCONOMIQUE POUR SUIVRE LA MISE EN ŒUVRE DE SON PROJET                <br>
                <small></small>
            </a>

            <p class="p-content">02 Juin 2026</p>

            </div>
        </li>


    
        <li>
            <div class="content">
                <a href="https://formations-benevoles.org/occitanie/formations/donner-envie-aux-benevoles-de-simpliquer-dans-son-asso/" target="_blank" class="h-content">
                Donner envie aux bénévoles de s’impliquer dans son asso                <br>
                <small></small>
            </a>

            <p class="p-content">04 Juin 2026</p>

            </div>
        </li>


    
        <li>
            <div class="content">
                <a href="https://formations-benevoles.org/occitanie/formations/transition-ecologique-agir-et-adapter-nos-projets/" target="_blank" class="h-content">
                Transition écologique : agir et adapter nos projets                <br>
                <small></small>
            </a>

            <p class="p-content">11 Juin 2026</p>

            </div>
        </li>


    
        <li>
            <div class="content">
                <a href="https://formations-benevoles.org/occitanie/formations/mettre-en-place-la-comptabilite-dune-petite-association/" target="_blank" class="h-content">
                Mettre en place la comptabilité d’une petite association                <br>
                <small>NIMES</small>
            </a>

            <p class="p-content">11 Juin 2026</p>

            </div>
        </li>


    
        <li>
            <div class="content">
                <a href="https://formations-benevoles.org/occitanie/formations/droit-des-donnees-personnelles-et-rgpd-5/" target="_blank" class="h-content">
                Droit des données personnelles et RGPD                <br>
                <small></small>
            </a>

            <p class="p-content">13 Juin 2026</p>

            </div>
        </li>


    
        <li>
            <div class="content">
                <a href="https://formations-benevoles.org/occitanie/formations/passer-au-logiciel-paheko-pour-la-tenue-de-sa-comptabilite-associative/" target="_blank" class="h-content">
                Passer au logiciel Paheko pour la tenue de sa comptabilité associative                <br>
                <small></small>
            </a>

            <p class="p-content">23 Juin 2026</p>

            </div>
        </li>


    
        <li>
            <div class="content">
                <a href="https://formations-benevoles.org/occitanie/formations/le-benevolat-illumine-la-vie/" target="_blank" class="h-content">
                Le bénévolat illumine la vie                <br>
                <small></small>
            </a>

            <p class="p-content">29 Juin 2026</p>

            </div>
        </li>


    
        <li>
            <div class="content">
                <a href="https://formations-benevoles.org/occitanie/formations/rediger-son-rapport-dactivite/" target="_blank" class="h-content">
                RÉDIGER SON RAPPORT D&#8217;ACTIVITÉ                <br>
                <small></small>
            </a>

            <p class="p-content">30 Juin 2026</p>

            </div>
        </li>


    
        <li>
            <div class="content">
                <a href="https://formations-benevoles.org/occitanie/formations/communication-externe-et-relations-presse-4/" target="_blank" class="h-content">
                COMMUNICATION EXTERNE ET RELATIONS PRESSE                <br>
                <small></small>
            </a>

            <p class="p-content">30 Juin 2026</p>

            </div>
        </li>


    
        <li>
            <div class="content">
                <a href="https://formations-benevoles.org/occitanie/formations/pitcher-son-projet-associatif-le-presenter-clairement/" target="_blank" class="h-content">
                “PITCHER SON PROJET ASSOCIATIF” : LE PRÉSENTER CLAIREMENT                <br>
                <small></small>
            </a>

            <p class="p-content">07 Juil 2026</p>

            </div>
        </li>


    
        <li>
            <div class="content">
                <a href="https://formations-benevoles.org/occitanie/formations/savoir-utiliser-gestanet-pour-la-gestion-des-adhesions-des-foyers-ruraux/" target="_blank" class="h-content">
                SAVOIR UTILISER GESTANET pour la gestion des adhésions des Foyers Ruraux                <br>
                <small></small>
            </a>

            <p class="p-content">08 Sep 2026</p>

            </div>
        </li>


    
        <li>
            <div class="content">
                <a href="https://formations-benevoles.org/occitanie/formations/envisager-le-premier-emploi-dans-notre-asso/" target="_blank" class="h-content">
                Envisager le premier emploi dans notre asso                <br>
                <small></small>
            </a>

            <p class="p-content">15 Sep 2026</p>

            </div>
        </li>


    
        <li>
            <div class="content">
                <a href="https://formations-benevoles.org/occitanie/formations/sorganiser-et-decider-a-plusieurs-dans-les-instances-dirigeantes-bureau-ca-collegiale/" target="_blank" class="h-content">
                S’organiser et décider à plusieurs dans les instances dirigeantes (bureau, CA, collégiale, …)                <br>
                <small></small>
            </a>

            <p class="p-content">06 Oct 2026</p>

            </div>
        </li>


    
        <li>
            <div class="content">
                <a href="https://formations-benevoles.org/occitanie/formations/se-reperer-dans-les-financements-publics-et-remplir-son-dossier-de-subvention/" target="_blank" class="h-content">
                Se repérer dans les financements publics et remplir son dossier de subvention                <br>
                <small></small>
            </a>

            <p class="p-content">08 Oct 2026</p>

            </div>
        </li>


    
        <li>
            <div class="content">
                <a href="https://formations-benevoles.org/occitanie/formations/lancer-et-gerer-une-strategie-de-financement-participatif/" target="_blank" class="h-content">
                Lancer et gérer une stratégie de financement participatif                <br>
                <small></small>
            </a>

            <p class="p-content">15 Oct 2026</p>

            </div>
        </li>


    
        <li>
            <div class="content">
                <a href="https://formations-benevoles.org/occitanie/formations/preparer-le-premier-emploi-dans-notre-asso/" target="_blank" class="h-content">
                Préparer le premier emploi dans notre asso                <br>
                <small></small>
            </a>

            <p class="p-content">15 Oct 2026</p>

            </div>
        </li>


    
        <li>
            <div class="content">
                <a href="https://formations-benevoles.org/occitanie/formations/elaborer-une-strategie-de-mecenat-pour-son-asso/" target="_blank" class="h-content">
                Elaborer une stratégie de mécénat pour son asso                <br>
                <small></small>
            </a>

            <p class="p-content">05 Nov 2026</p>

            </div>
        </li>


    
        <li>
            <div class="content">
                <a href="https://formations-benevoles.org/occitanie/formations/les-financements-2/" target="_blank" class="h-content">
                Les financements                <br>
                <small></small>
            </a>

            <p class="p-content">12 Nov 2026</p>

            </div>
        </li>


    
        <li>
            <div class="content">
                <a href="https://formations-benevoles.org/occitanie/formations/tous-comptes-faits-cest-simple-2/" target="_blank" class="h-content">
                Tous comptes faits, c’est simple!                <br>
                <small></small>
            </a>

            <p class="p-content">26 Nov 2026</p>

            </div>
        </li>


    
        <li>
            <div class="content">
                <a href="https://formations-benevoles.org/occitanie/formations/se-reperer-dans-les-financements-publics-et-remplir-son-dossier-de-subvention-2/" target="_blank" class="h-content">
                Se repérer dans les financements publics et remplir son dossier de subvention                <br>
                <small></small>
            </a>

            <p class="p-content">03 Déc 2026</p>

            </div>
        </li>


    
        <li>
            <div class="content">
                <a href="https://formations-benevoles.org/occitanie/formations/les-benevoles-2/" target="_blank" class="h-content">
                Les bénévoles                <br>
                <small></small>
            </a>

            <p class="p-content">10 Déc 2026</p>

            </div>
        </li>


    </ul>
