{"id":7300,"date":"2026-04-21T09:36:13","date_gmt":"2026-04-21T07:36:13","guid":{"rendered":"https:\/\/formations-benevoles.org\/occitanie\/formations\/atelier-formatif-comment-bien-gerer-son-association-modules-1-et-2\/"},"modified":"2026-04-21T09:36:13","modified_gmt":"2026-04-21T07:36:13","slug":"atelier-formatif-comment-bien-gerer-son-association-modules-1-et-2","status":"publish","type":"mec-events","link":"https:\/\/formations-benevoles.org\/occitanie\/formations\/atelier-formatif-comment-bien-gerer-son-association-modules-1-et-2\/","title":{"rendered":"Atelier formatif &#8220;Comment bien g\u00e9rer son association (modules 1 et 2)&#8221;"},"content":{"rendered":"<div>\n<p>Les ateliers\u00a0<strong>\u00ab Comment bien g\u00e9rer son association \u00bb<\/strong>\u00a0s\u2019adressent aux b\u00e9n\u00e9voles, aux dirigeants et aux porteurs de projets associatifs souhaitant structurer et d\u00e9velopper efficacement leur organisation. Au programme : ma\u00eetriser les fondamentaux de la loi 1901, comprendre et r\u00e9diger des statuts associatifs adapt\u00e9s, acqu\u00e9rir les bases de la comptabilit\u00e9 associative et identifier les diff\u00e9rentes ressources d\u2019une association.<\/p>\n<p>Les participants apprendront \u00e0 s\u00e9curiser leur fonctionnement juridique tout en clarifiant les r\u00f4les et la gouvernance. L&#8217;atelier apporte des rep\u00e8res concrets pour assurer une gestion financi\u00e8re rigoureuse et transparente. Elle permet \u00e9galement d\u2019explorer les leviers de financement et de mobilisation des ressources. Un parcours essentiel pour piloter son association avec m\u00e9thode, s\u00e9r\u00e9nit\u00e9 et vision strat\u00e9gique.<\/p>\n<p><b>Objectifs :<\/b>\u00a0\u00a0Ce parcours de formation se d\u00e9roule sur 2 journ\u00e9es et vise \u00e0 acqu\u00e9rir\u00a0<strong>les bases<\/strong>\u00a0de la gestion associative gr\u00e2ce \u00e0\u00a0<strong>quatre modules<\/strong>\u00a0:<\/p>\n<p>Mardi 05 mai :<\/p>\n<ul>\n<li>Module 1 (le matin) : Ma\u00eetriser les fondamentaux de la loi 1901 et le principe d&#8217;association<\/li>\n<li>Module 2 (l&#8217;apr\u00e8s-midi) : La r\u00e9daction, modification et adaptation des statuts,\u00a0 l&#8217;importance du projet associatif<\/li>\n<\/ul>\n<p>Mardi 12 mai :<\/p>\n<ul>\n<li>Module 3 (le matin)\u00a0:\u00a0\u00a0Ma\u00eetriser les bases de la comptabilit\u00e9 associative<\/li>\n<li>Module 4 (l&#8217;apr\u00e8s-midi)\u00a0:\u00a0\u00a0Parcourir les ressources d&#8217;une association et les financements existants<\/li>\n<\/ul>\n<p>&nbsp;<\/p>\n<p><strong>Remarque :<\/strong>\u00a0la pr\u00e9sence aux deux journ\u00e9es est recommand\u00e9e.<\/p>\n<p><strong>Date\u00a0<\/strong>: Mardi 05 mai 2026 de 9h-12h30 et 14h-17h<\/p>\n<\/div>\n<div><strong>Lieu de la formation<\/strong>\u00a0: La Ligue de l&#8217;enseignement des Pyr\u00e9n\u00e9es-Orientales, 1 rue Michel Doutres, 66000 Perpignan<\/div>\n<div><strong>Intervenant<\/strong>\u00a0: Nicolas Marin, Charg\u00e9 de d\u00e9veloppement de la vie associative \u00e0 la Ligue de l&#8217;enseignement des Pyr\u00e9n\u00e9es-Orientales<\/div>\n<div><\/div>\n<div><\/div>\n<div><strong>\u00a0<\/strong><\/div>\n<div><strong>Toutes nos formations sont gratuites et \u00e0 destination des b\u00e9n\u00e9voles, dirigeants et salari\u00e9s associatifs. Pour plus d&#8217;informations, contactez-nous \u00e0 crdva@laligue66.org<\/strong><\/div>\n","protected":false},"excerpt":{"rendered":"<p>Les ateliers\u00a0\u00ab Comment bien g\u00e9rer son association \u00bb\u00a0s\u2019adressent aux b\u00e9n\u00e9voles, aux dirigeants et aux porteurs de projets associatifs souhaitant structurer et d\u00e9velopper efficacement leur organisation. Au programme : ma\u00eetriser les&#8230;<\/p>\n","protected":false},"author":37,"featured_media":7299,"comment_status":"open","ping_status":"closed","template":"","tags":[],"mec_category":[46,48],"mec_speaker":[],"class_list":{"0":"post-7300","1":"mec-events","2":"type-mec-events","3":"status-publish","4":"has-post-thumbnail","6":"mec_category-gestion-de-projet","7":"mec_category-fonctionnement-association"},"_links":{"self":[{"href":"https:\/\/formations-benevoles.org\/occitanie\/wp-json\/wp\/v2\/mec-events\/7300","targetHints":{"allow":["GET"]}}],"collection":[{"href":"https:\/\/formations-benevoles.org\/occitanie\/wp-json\/wp\/v2\/mec-events"}],"about":[{"href":"https:\/\/formations-benevoles.org\/occitanie\/wp-json\/wp\/v2\/types\/mec-events"}],"author":[{"embeddable":true,"href":"https:\/\/formations-benevoles.org\/occitanie\/wp-json\/wp\/v2\/users\/37"}],"replies":[{"embeddable":true,"href":"https:\/\/formations-benevoles.org\/occitanie\/wp-json\/wp\/v2\/comments?post=7300"}],"wp:featuredmedia":[{"embeddable":true,"href":"https:\/\/formations-benevoles.org\/occitanie\/wp-json\/wp\/v2\/media\/7299"}],"wp:attachment":[{"href":"https:\/\/formations-benevoles.org\/occitanie\/wp-json\/wp\/v2\/media?parent=7300"}],"wp:term":[{"taxonomy":"post_tag","embeddable":true,"href":"https:\/\/formations-benevoles.org\/occitanie\/wp-json\/wp\/v2\/tags?post=7300"},{"taxonomy":"mec_category","embeddable":true,"href":"https:\/\/formations-benevoles.org\/occitanie\/wp-json\/wp\/v2\/mec_category?post=7300"},{"taxonomy":"mec_speaker","embeddable":true,"href":"https:\/\/formations-benevoles.org\/occitanie\/wp-json\/wp\/v2\/mec_speaker?post=7300"}],"curies":[{"name":"wp","href":"https:\/\/api.w.org\/{rel}","templated":true}]}}

Atelier formatif &#8220;Comment bien gérer son association (modules 1 et 2)&#8221;

<div>
<p>Les ateliers <strong>« Comment bien gérer son association »</strong> s’adressent aux bénévoles, aux dirigeants et aux porteurs de projets associatifs souhaitant structurer et développer efficacement leur organisation. Au programme : maîtriser les fondamentaux de la loi 1901, comprendre et rédiger des statuts associatifs adaptés, acquérir les bases de la comptabilité associative et identifier les différentes ressources d’une association.</p>
<p>Les participants apprendront à sécuriser leur fonctionnement juridique tout en clarifiant les rôles et la gouvernance. L&#8217;atelier apporte des repères concrets pour assurer une gestion financière rigoureuse et transparente. Elle permet également d’explorer les leviers de financement et de mobilisation des ressources. Un parcours essentiel pour piloter son association avec méthode, sérénité et vision stratégique.</p>
<p><b>Objectifs :</b>  Ce parcours de formation se déroule sur 2 journées et vise à acquérir <strong>les bases</strong> de la gestion associative grâce à <strong>quatre modules</strong> :</p>
<p>Mardi 05 mai :</p>
<ul>
<li>Module 1 (le matin) : Maîtriser les fondamentaux de la loi 1901 et le principe d&#8217;association</li>
<li>Module 2 (l&#8217;après-midi) : La rédaction, modification et adaptation des statuts,  l&#8217;importance du projet associatif</li>
</ul>
<p>Mardi 12 mai :</p>
<ul>
<li>Module 3 (le matin) :  Maîtriser les bases de la comptabilité associative</li>
<li>Module 4 (l&#8217;après-midi) :  Parcourir les ressources d&#8217;une association et les financements existants</li>
</ul>
<p>&nbsp;</p>
<p><strong>Remarque :</strong> la présence aux deux journées est recommandée.</p>
<p><strong>Date </strong>: Mardi 05 mai 2026 de 9h-12h30 et 14h-17h</p>
</div>
<div><strong>Lieu de la formation</strong> : La Ligue de l&#8217;enseignement des Pyrénées-Orientales, 1 rue Michel Doutres, 66000 Perpignan</div>
<div><strong>Intervenant</strong> : Nicolas Marin, Chargé de développement de la vie associative à la Ligue de l&#8217;enseignement des Pyrénées-Orientales</div>
<div></div>
<div></div>
<div><strong> </strong></div>
<div><strong>Toutes nos formations sont gratuites et à destination des bénévoles, dirigeants et salariés associatifs. Pour plus d&#8217;informations, contactez-nous à crdva@laligue66.org</strong></div>

<p>Les ateliers « Comment bien gérer son association » s’adressent aux bénévoles, aux dirigeants et aux porteurs de projets associatifs souhaitant structurer et développer efficacement leur organisation. Au programme : maîtriser les&#8230;</p>
