{"id":6515,"date":"2024-09-12T11:17:02","date_gmt":"2024-09-12T09:17:02","guid":{"rendered":"https:\/\/formations-benevoles.org\/occitanie\/?post_type=mec-events&#038;p=6515"},"modified":"2026-08-31T10:10:07","modified_gmt":"2026-08-31T08:10:07","slug":"mobiliser-et-federer-les-benevoles-et-lequipe-salariee","status":"publish","type":"mec-events","link":"https:\/\/formations-benevoles.org\/occitanie\/formations\/mobiliser-et-federer-les-benevoles-et-lequipe-salariee\/","title":{"rendered":"MOBILISER ET F\u00c9D\u00c9RER LES B\u00c9N\u00c9VOLES ET L&#8217;\u00c9QUIPE SALARI\u00c9E"},"content":{"rendered":"<p><a href=\"https:\/\/drive.google.com\/file\/d\/1Dd4jUs457s_Zquh0fBV7XRfMvUCsiGCS\/view?usp=sharing\">rESS&#8217;ources#IF-Formation#2 Mobiliser et f\u00e9d\u00e9rer ses benevoles et equ<\/a><\/p>\n<p>La formation se d\u00e9roule sur 2 journ\u00e9es non divisibles, les mardis 15 septembre et 1er octobre 2026.<\/p>\n<p><strong>Objectifs g\u00e9n\u00e9raux:<\/strong><\/p>\n<ul>\n<li>Clarifier la d\u00e9marche de recrutement et de fid\u00e9lisation des b\u00e9n\u00e9voles et salari\u00e9\u00b7es.<\/li>\n<li>Identifier les m\u00e9thodes d\u2019implication et de valorisation des vos \u00e9quipes.<\/li>\n<\/ul>\n<p><strong>Public:<\/strong><\/p>\n<ul>\n<li>Associations tarnaises, pas ou peu employeuses.<\/li>\n<li>B\u00e9n\u00e9voles, dirigeant\u00b7es associatifs, salari\u00e9\u00b7es&#8230;<\/li>\n<li>Nous vous conseillons de mobiliser 2 participant\u00b7es<\/li>\n<\/ul>\n<p><strong>Programme:<\/strong><\/p>\n<p>Les 2 journ\u00e9es alternent des apports m\u00e9thodologiques<br \/>\ndes mises en pratique sur la mobilisation des richesses humaines autour son projet associatif<\/p>\n<p>&#8211; D\u00e9couvrir le management d&#8217;\u00e9quipe sp\u00e9cifique aux projets associatifs<\/p>\n<ul>\n<li>D\u00e9finir la place de l\u2019emploi et du b\u00e9n\u00e9volat dans le projet<br \/>\nassociatif<\/li>\n<\/ul>\n<p>&#8211; Analyser le besoin en richesses humaines et clarifier le r\u00f4le<br \/>\nde chacun\u00b7e<\/p>\n<ul>\n<li>Diagnostiquer son besoin en moyens humains, (disponibilit\u00e9, comp\u00e9tences..)<\/li>\n<\/ul>\n<p>&#8211; \u00c9tablir son plan d\u2019actions \u00e0 l\u2019appui de la m\u00e9thode fournie :<\/p>\n<ul>\n<li>\u00c9crire le guide d\u2019accueil, de suivi et de valorisation de ses<br \/>\n\u00e9quipes b\u00e9n\u00e9voles<\/li>\n<\/ul>\n<p>Le petit + de rESS&#8217;ources : Chaque association est actrice de la formation!<br \/>\nLe partage d&#8217;exp\u00e9rience, l\u2019\u00e9change et la participation active fondent notre m\u00e9thode p\u00e9dagogique pour s&#8217;approprier la d\u00e9marche et enrichir son propre projet.<\/p>\n","protected":false},"excerpt":{"rendered":"<p>rESS&#8217;ources#IF-Formation#2 Mobiliser et f\u00e9d\u00e9rer ses benevoles et equ La formation se d\u00e9roule sur 2 journ\u00e9es non divisibles, les mardis 15 septembre et 1er octobre 2026. Objectifs g\u00e9n\u00e9raux: Clarifier la d\u00e9marche&#8230;<\/p>\n","protected":false},"author":35,"featured_media":7341,"comment_status":"open","ping_status":"closed","template":"","tags":[],"mec_category":[44,47,48],"mec_speaker":[],"class_list":["post-6515","mec-events","type-mec-events","status-publish","has-post-thumbnail","mec_category-communication","mec_category-gestion-ressources-humaines","mec_category-fonctionnement-association"],"_links":{"self":[{"href":"https:\/\/formations-benevoles.org\/occitanie\/wp-json\/wp\/v2\/mec-events\/6515","targetHints":{"allow":["GET"]}}],"collection":[{"href":"https:\/\/formations-benevoles.org\/occitanie\/wp-json\/wp\/v2\/mec-events"}],"about":[{"href":"https:\/\/formations-benevoles.org\/occitanie\/wp-json\/wp\/v2\/types\/mec-events"}],"author":[{"embeddable":true,"href":"https:\/\/formations-benevoles.org\/occitanie\/wp-json\/wp\/v2\/users\/35"}],"replies":[{"embeddable":true,"href":"https:\/\/formations-benevoles.org\/occitanie\/wp-json\/wp\/v2\/comments?post=6515"}],"wp:featuredmedia":[{"embeddable":true,"href":"https:\/\/formations-benevoles.org\/occitanie\/wp-json\/wp\/v2\/media\/7341"}],"wp:attachment":[{"href":"https:\/\/formations-benevoles.org\/occitanie\/wp-json\/wp\/v2\/media?parent=6515"}],"wp:term":[{"taxonomy":"post_tag","embeddable":true,"href":"https:\/\/formations-benevoles.org\/occitanie\/wp-json\/wp\/v2\/tags?post=6515"},{"taxonomy":"mec_category","embeddable":true,"href":"https:\/\/formations-benevoles.org\/occitanie\/wp-json\/wp\/v2\/mec_category?post=6515"},{"taxonomy":"mec_speaker","embeddable":true,"href":"https:\/\/formations-benevoles.org\/occitanie\/wp-json\/wp\/v2\/mec_speaker?post=6515"}],"curies":[{"name":"wp","href":"https:\/\/api.w.org\/{rel}","templated":true}]}}

MOBILISER ET FÉDÉRER LES BÉNÉVOLES ET L&#8217;ÉQUIPE SALARIÉE

<p><a href="https://drive.google.com/file/d/1Dd4jUs457s_Zquh0fBV7XRfMvUCsiGCS/view?usp=sharing">rESS&#8217;ources#IF-Formation#2 Mobiliser et fédérer ses benevoles et equ</a></p>
<p>La formation se déroule sur 2 journées non divisibles, les mardis 15 septembre et 1er octobre 2026.</p>
<p><strong>Objectifs généraux:</strong></p>
<ul>
<li>Clarifier la démarche de recrutement et de fidélisation des bénévoles et salarié·es.</li>
<li>Identifier les méthodes d’implication et de valorisation des vos équipes.</li>
</ul>
<p><strong>Public:</strong></p>
<ul>
<li>Associations tarnaises, pas ou peu employeuses.</li>
<li>Bénévoles, dirigeant·es associatifs, salarié·es&#8230;</li>
<li>Nous vous conseillons de mobiliser 2 participant·es</li>
</ul>
<p><strong>Programme:</strong></p>
<p>Les 2 journées alternent des apports méthodologiques<br />
des mises en pratique sur la mobilisation des richesses humaines autour son projet associatif</p>
<p>&#8211; Découvrir le management d&#8217;équipe spécifique aux projets associatifs</p>
<ul>
<li>Définir la place de l’emploi et du bénévolat dans le projet<br />
associatif</li>
</ul>
<p>&#8211; Analyser le besoin en richesses humaines et clarifier le rôle<br />
de chacun·e</p>
<ul>
<li>Diagnostiquer son besoin en moyens humains, (disponibilité, compétences..)</li>
</ul>
<p>&#8211; Établir son plan d’actions à l’appui de la méthode fournie :</p>
<ul>
<li>Écrire le guide d’accueil, de suivi et de valorisation de ses<br />
équipes bénévoles</li>
</ul>
<p>Le petit + de rESS&#8217;ources : Chaque association est actrice de la formation!<br />
Le partage d&#8217;expérience, l’échange et la participation active fondent notre méthode pédagogique pour s&#8217;approprier la démarche et enrichir son propre projet.</p>

<p>rESS&#8217;ources#IF-Formation#2 Mobiliser et fédérer ses benevoles et equ La formation se déroule sur 2 journées non divisibles, les mardis 15 septembre et 1er octobre 2026. Objectifs généraux: Clarifier la démarche&#8230;</p>
